017
CDUS46 KSGX 231124
CLICZZ


CLIMATE REPORT
NATIONAL WEATHER SERVICE SAN DIEGO, CA
424 AM PDT WED MAY 23 2018


...................................

...THE CAMPO ASOS CA CLIMATE SUMMARY FOR MAY 22 2018...

CLIMATE NORMAL PERIOD 1981 TO 2010
CLIMATE RECORD PERIOD 1948 TO 2018


WEATHER ITEM   OBSERVED TIME   RECORD YEAR NORMAL DEPARTURE LAST
                VALUE   (LST)  VALUE       VALUE  FROM      YEAR
                                                  NORMAL
..................................................................
TEMPERATURE (F)
 YESTERDAY
  MAXIMUM         70    302 PM  95    1988  81    -11       92
  MINIMUM         43   1155 PM  29    1975  42      1       46
  AVERAGE         57                        62     -5       69

PRECIPITATION (IN)
  YESTERDAY        0.00          0.18 2006   0.01  -0.01     0.00
  MONTH TO DATE    0.05                      0.16  -0.11     0.89
  SINCE OCT 1      4.31                     14.24  -9.93    16.58
  SINCE JAN 1      3.96                     10.02  -6.06    11.35

DEGREE DAYS
 HEATING
  YESTERDAY        8                         4      4        0
  MONTH TO DATE  141                       123     18      140
  SINCE MAR 1    811                       840    -29      718
  SINCE JUL 1   2433                      2891   -458     2628

 COOLING
  YESTERDAY        0                         1     -1        4
  MONTH TO DATE   11                        17     -6       18
  SINCE MAR 1     11                        20     -9       20
  SINCE JAN 1     11                        20     -9       20
..................................................................


WIND (MPH)
  RESULTANT WIND SPEED   9   RESULTANT WIND DIRECTION  SW (220)
  HIGHEST WIND SPEED    23   HIGHEST WIND DIRECTION    SW (210)
  HIGHEST GUST SPEED    28   HIGHEST GUST DIRECTION    SW (220)
  AVERAGE WIND SPEED     9.6


SKY COVER
  POSSIBLE SUNSHINE  MM
  AVERAGE SKY COVER 0.0



RELATIVE HUMIDITY (PERCENT)
 HIGHEST    86          1000 PM
 LOWEST     39           100 PM
 AVERAGE    63

..........................................................


THE CAMPO ASOS CA CLIMATE NORMALS FOR TODAY
                         NORMAL    RECORD    YEAR
 MAXIMUM TEMPERATURE (F)   81        96      2017
 MINIMUM TEMPERATURE (F)   43        30      1973


SUNRISE AND SUNSET
MAY 23 2018...........SUNRISE   543 AM PDT   SUNSET   743 PM PDT
MAY 24 2018...........SUNRISE   542 AM PDT   SUNSET   744 PM PDT


-  INDICATES NEGATIVE NUMBERS.
R  INDICATES RECORD WAS SET OR TIED.
MM INDICATES DATA IS MISSING.
T  INDICATES TRACE AMOUNT.




$$
