000
CDUS43 KDDC 200707
CLIDGC


CLIMATE REPORT
NATIONAL WEATHER SERVICE DODGE CITY KS
206 AM CDT FRI APR 20 2018


...................................

...THE DODGE CITY KS CLIMATE SUMMARY FOR APRIL 19 2018...

CLIMATE NORMAL PERIOD 1981 TO 2010
CLIMATE RECORD PERIOD 1875 TO 2018


WEATHER ITEM   OBSERVED TIME   RECORD YEAR NORMAL DEPARTURE LAST
                VALUE   (LST)  VALUE       VALUE  FROM      YEAR
                                                  NORMAL
..................................................................
TEMPERATURE (F)
 YESTERDAY
  MAXIMUM         65    459 PM  92    1961  69     -4       88
  MINIMUM         29    540 AM  24    2013  41    -12       60
                                      1953
  AVERAGE         47                        55     -8       74

PRECIPITATION (IN)
  YESTERDAY        0.00          0.88 1976   0.06  -0.06     0.00
  MONTH TO DATE    0.23                      1.07  -0.84     4.04
  SINCE MAR 1      1.29                      2.66  -1.37     6.62
  SINCE JAN 1      1.44                      3.92  -2.48     9.19

SNOWFALL (IN)
  YESTERDAY        0.0           0.9  1941   0.0    0.0      0.0
  MONTH TO DATE    1.7                       1.0    0.7      0.0
  SINCE MAR 1      2.7                       5.9   -3.2      0.0
  SINCE JUL 1      4.1                      21.0  -16.9      5.0
  SNOW DEPTH       0

DEGREE DAYS
 HEATING
  YESTERDAY       18                        11      7        0
  MONTH TO DATE  356                       255    101      147
  SINCE MAR 1    885                       895    -10      631
  SINCE JUL 1   4541                      4742   -201     3865

 COOLING
  YESTERDAY        0                         1     -1        9
  MONTH TO DATE    7                         4      3       31
  SINCE MAR 1     11                         5      6       40
  SINCE JAN 1     11                         5      6       40
..................................................................


WIND (MPH)
  HIGHEST WIND SPEED    20   HIGHEST WIND DIRECTION    SE (120)
  HIGHEST GUST SPEED    26   HIGHEST GUST DIRECTION    SE (130)
  AVERAGE WIND SPEED     8.5


SKY COVER
  POSSIBLE SUNSHINE  MM
  AVERAGE SKY COVER 0.0


WEATHER CONDITIONS
 THE FOLLOWING WEATHER WAS RECORDED YESTERDAY.
  NO SIGNIFICANT WEATHER WAS OBSERVED.


RELATIVE HUMIDITY (PERCENT)
 HIGHEST    78           600 AM
 LOWEST     24           500 PM
 AVERAGE    51

..........................................................


THE DODGE CITY KS CLIMATE NORMALS FOR TODAY
                         NORMAL    RECORD    YEAR
 MAXIMUM TEMPERATURE (F)   69        92      1902
 MINIMUM TEMPERATURE (F)   42        25      1966
                                             1953


SUNRISE AND SUNSET
APRIL 20 2018.........SUNRISE   658 AM CDT   SUNSET   820 PM CDT
APRIL 21 2018.........SUNRISE   657 AM CDT   SUNSET   821 PM CDT


-  INDICATES NEGATIVE NUMBERS.
R  INDICATES RECORD WAS SET OR TIED.
MM INDICATES DATA IS MISSING.
T  INDICATES TRACE AMOUNT.




$$
