000
CDUS43 KBIS 232239
CLIDIK


CLIMATE REPORT
NATIONAL WEATHER SERVICE BISMARCK ND
539 PM CDT WED MAY 23 2018


...................................

...THE DICKINSON ND CLIMATE SUMMARY FOR MAY 23 2018...
VALID TODAY AS OF 0500 PM LOCAL TIME.

CLIMATE NORMAL PERIOD 1981 TO 2010
CLIMATE RECORD PERIOD 1893 TO 2018


WEATHER ITEM   OBSERVED TIME   RECORD YEAR NORMAL DEPARTURE LAST
                VALUE   (LST)  VALUE       VALUE  FROM      YEAR
                                                  NORMAL
..................................................................
TEMPERATURE (F)
 TODAY
  MAXIMUM         79    300 PM  93    1928  68     11       64
  MINIMUM         57    200 AM  25    1917  43     14       34
  AVERAGE         68                        55     13       49

PRECIPITATION (IN)
  TODAY            0.02          1.56 1933   0.07  -0.05     0.00
  MONTH TO DATE    0.58                      1.65  -1.07     1.19
  SINCE MAR 1      2.10                      3.81  -1.71     2.03
  SINCE JAN 1      2.28                      4.44  -2.16     2.34

DEGREE DAYS
 HEATING
  TODAY            0                        10    -10       16
  MONTH TO DATE  206                       308   -102      268
  SINCE MAR 1   2250                      2076    174     1984
  SINCE JUL 1   8768                      8370    398     8114

 COOLING
  TODAY            3                         0      3        0
  MONTH TO DATE   10                         0     10       10
  SINCE MAR 1     10                         1      9       10
  SINCE JAN 1     10                         1      9       10
..................................................................


WIND (MPH)
  RESULTANT WIND SPEED   9   RESULTANT WIND DIRECTION  SE (120)
  HIGHEST WIND SPEED    17   HIGHEST WIND DIRECTION    SE (150)
  HIGHEST GUST SPEED    MM   HIGHEST GUST DIRECTION    MM
  AVERAGE WIND SPEED    10.6


SKY COVER
  POSSIBLE SUNSHINE  MM
  AVERAGE SKY COVER 0.5


WEATHER CONDITIONS
 THE FOLLOWING WEATHER WAS RECORDED TODAY.
  NO SIGNIFICANT WEATHER WAS OBSERVED.


RELATIVE HUMIDITY (PERCENT)
 HIGHEST    93           300 AM
 LOWEST     60           300 PM
 AVERAGE    77

..........................................................


THE DICKINSON ND CLIMATE NORMALS FOR TOMORROW
                         NORMAL    RECORD    YEAR
 MAXIMUM TEMPERATURE (F)   68        92      1985
                                             1926
 MINIMUM TEMPERATURE (F)   43        23      1924


SUNRISE AND SUNSET
MAY 23 2018...........SUNRISE   508 AM MDT   SUNSET   829 PM MDT
MAY 24 2018...........SUNRISE   507 AM MDT   SUNSET   830 PM MDT


-  INDICATES NEGATIVE NUMBERS.
R  INDICATES RECORD WAS SET OR TIED.
MM INDICATES DATA IS MISSING.
T  INDICATES TRACE AMOUNT.




$$
