000
CDUS44 KEWX 252236
CLIDRT


CLIMATE REPORT
NATIONAL WEATHER SERVICE AUSTIN/SAN ANTONIO, TX
536 PM CDT WED APR 25 2018


...................................

...THE DEL RIO CLIMATE SUMMARY FOR APRIL 25 2018...
VALID TODAY AS OF 0536 PM LOCAL TIME.

CLIMATE NORMAL PERIOD 1981 TO 2010
CLIMATE RECORD PERIOD 1906 TO 2018


WEATHER ITEM   OBSERVED TIME   RECORD YEAR NORMAL DEPARTURE LAST
                VALUE   (LST)  VALUE       VALUE  FROM      YEAR
                                                  NORMAL
..................................................................
TEMPERATURE (F)
 TODAY
  MAXIMUM         78   1217 AM 103    1996  86     -8       91
  MINIMUM         61    359 PM  40    1913  62     -1       61
  AVERAGE         70                        74     -4       76

PRECIPITATION (IN)
  TODAY            T             2.76 1990   0.07  -0.07     0.00
  MONTH TO DATE    0.01                      1.31  -1.30     5.64
  SINCE MAR 1      0.14                      2.45  -2.31     6.15
  SINCE JAN 1      0.33                      4.05  -3.72     7.12

SNOWFALL (IN)
  TODAY            0.0
  MONTH TO DATE    0.0
  SINCE MAR 1      0.0
  SINCE JUL 1      T
  SNOW DEPTH       0

DEGREE DAYS
 HEATING
  TODAY            0                         0      0        0
  MONTH TO DATE    7                        24    -17       10
  SINCE MAR 1     39                       138    -99       47
  SINCE JUL 1   1270                      1374   -104      840

 COOLING
  TODAY            5                         9     -4       11
  MONTH TO DATE  175                       173      2      186
  SINCE MAR 1    319                       260     59      340
  SINCE JAN 1    361                       279     82      403
..................................................................


WIND (MPH)
  HIGHEST WIND SPEED    31   HIGHEST WIND DIRECTION     N (340)
  HIGHEST GUST SPEED    39   HIGHEST GUST DIRECTION     N (350)
  AVERAGE WIND SPEED    13.3



WEATHER CONDITIONS
 THE FOLLOWING WEATHER WAS RECORDED TODAY.
  HAZE


RELATIVE HUMIDITY (PERCENT)
 HIGHEST    68           600 AM
 LOWEST     43           100 AM
 AVERAGE    56

..........................................................


THE DEL RIO CLIMATE NORMALS FOR TOMORROW
                         NORMAL    RECORD    YEAR
 MAXIMUM TEMPERATURE (F)   86       104      2011
 MINIMUM TEMPERATURE (F)   63        47      1913


SUNRISE AND SUNSET
APRIL 25 2018.........SUNRISE   707 AM CDT   SUNSET   816 PM CDT
APRIL 26 2018.........SUNRISE   706 AM CDT   SUNSET   817 PM CDT


-  INDICATES NEGATIVE NUMBERS.
R  INDICATES RECORD WAS SET OR TIED.
MM INDICATES DATA IS MISSING.
T  INDICATES TRACE AMOUNT.




$$
