000
CDUS43 KDVN 242121
CLIDVN


CLIMATE REPORT
NATIONAL WEATHER SERVICE QUAD CITIES IA IL
420 PM CDT TUE APR 24 2018


...................................

...THE DAVENPORT IA CLIMATE SUMMARY FOR APRIL 24 2018...
VALID TODAY AS OF 0400 PM LOCAL TIME.

CLIMATE NORMAL PERIOD 1981 TO 2010
CLIMATE RECORD PERIOD 9999 TO 9999


WEATHER ITEM   OBSERVED TIME   RECORD YEAR NORMAL DEPARTURE LAST
                VALUE   (LST)  VALUE       VALUE  FROM      YEAR
                                                  NORMAL
..................................................................
TEMPERATURE (F)
 TODAY
  MAXIMUM         76    215 PM  MM      MM  65     11       78
  MINIMUM         40    524 AM  MM      MM  42     -2       43
  AVERAGE         58                        53      5       61

PRECIPITATION (IN)
  TODAY            0.00         MM      MM   0.12  -0.12     0.00
  MONTH TO DATE    0.80                      2.57  -1.77     2.70
  SINCE MAR 1      3.19                      5.09  -1.90     5.41
  SINCE JAN 1      6.32                      7.62  -1.30     7.36

SNOWFALL (IN)
  TODAY            0.0          MM      MM  MM     MM        0.0
  MONTH TO DATE    3.5                      MM     MM         T
  SINCE MAR 1     11.9                      MM     MM        6.1
  SINCE JUL 1     36.2                      MM     MM       25.2
  SNOW DEPTH       0

DEGREE DAYS
 HEATING
  TODAY            7                        12     -5        4
  MONTH TO DATE  632                       381    251      263
  SINCE MAR 1   1503                      1214    289     1066
  SINCE JUL 1   6361                      6239    122     5122

 COOLING
  TODAY            0                         0      0        0
  MONTH TO DATE    0                         0      0       11
  SINCE MAR 1      0                         0      0       11
  SINCE JAN 1      0                         0      0       11
..................................................................


WIND (MPH)
  HIGHEST WIND SPEED    18   HIGHEST WIND DIRECTION     N (360)
  HIGHEST GUST SPEED    23   HIGHEST GUST DIRECTION     N (360)
  AVERAGE WIND SPEED     7.5


SKY COVER
  POSSIBLE SUNSHINE  MM
  AVERAGE SKY COVER 0.0


WEATHER CONDITIONS
 THE FOLLOWING WEATHER WAS RECORDED TODAY.
  HAZE


RELATIVE HUMIDITY (PERCENT)
 HIGHEST    67           600 AM
 LOWEST     15          1200 PM
 AVERAGE    41

..........................................................


THE DAVENPORT IA CLIMATE NORMALS FOR TOMORROW
                         NORMAL    RECORD    YEAR
 MAXIMUM TEMPERATURE (F)   65        MM        MM
 MINIMUM TEMPERATURE (F)   42        MM        MM


SUNRISE AND SUNSET
APRIL 24 2018.........SUNRISE   609 AM CDT   SUNSET   753 PM CDT
APRIL 25 2018.........SUNRISE   607 AM CDT   SUNSET   754 PM CDT


-  INDICATES NEGATIVE NUMBERS.
R  INDICATES RECORD WAS SET OR TIED.
MM INDICATES DATA IS MISSING.
T  INDICATES TRACE AMOUNT.




$$
