000
CDUS43 KMPX 210623
CLIEAU


CLIMATE REPORT
NATIONAL WEATHER SERVICE CHANHASSEN MN
122 AM CDT SAT APR 21 2018


...................................

...THE EAU CLAIRE WI CLIMATE SUMMARY FOR APRIL 20 2018...

CLIMATE NORMAL PERIOD 1981 TO 2010
CLIMATE RECORD PERIOD 1893 TO 2018


WEATHER ITEM   OBSERVED TIME   RECORD YEAR NORMAL DEPARTURE LAST
                VALUE   (LST)  VALUE       VALUE  FROM      YEAR
                                                  NORMAL
..................................................................
TEMPERATURE (F)
 YESTERDAY
  MAXIMUM         55    358 PM  88    1987  60     -5       50
  MINIMUM         24    544 AM  19    1897  36    -12       35
  AVERAGE         40                        48     -8       43

PRECIPITATION (IN)
  YESTERDAY        0.00          1.41 1968   0.09  -0.09     0.33
  MONTH TO DATE    1.57                      1.71  -0.14     3.55
  SINCE MAR 1      2.50                      3.44  -0.94     4.67
  SINCE JAN 1      4.96                      5.14  -0.18     8.75

SNOWFALL (IN)
  YESTERDAY        0.0           6.0  1893   0.1   -0.1      0.0
  MONTH TO DATE   18.6                       1.6   17.0      0.8
  SINCE MAR 1     25.4                      10.2   15.2      5.6
  SINCE JUL 1     64.4                      46.5   17.9     54.5
  SNOW DEPTH       3

DEGREE DAYS
 HEATING
  YESTERDAY       25                        17      8       22
  MONTH TO DATE  733                       430    303      345
  SINCE MAR 1   1832                      1474    358     1395
  SINCE JUL 1   7994                      7494    500     6505

 COOLING
  YESTERDAY        0                         0      0        0
  MONTH TO DATE    0                         0      0        0
  SINCE MAR 1      0                         0      0        0
  SINCE JAN 1      0                         0      0        0
..................................................................


WIND (MPH)
  HIGHEST WIND SPEED    13   HIGHEST WIND DIRECTION    SW (240)
  HIGHEST GUST SPEED    19   HIGHEST GUST DIRECTION    SW (220)
  AVERAGE WIND SPEED     2.5


SKY COVER
  POSSIBLE SUNSHINE  MM
  AVERAGE SKY COVER 0.0


WEATHER CONDITIONS
 THE FOLLOWING WEATHER WAS RECORDED YESTERDAY.
  NO SIGNIFICANT WEATHER WAS OBSERVED.


RELATIVE HUMIDITY (PERCENT)
 HIGHEST    92           600 AM
 LOWEST     22           400 PM
 AVERAGE    57

..........................................................


THE EAU CLAIRE WI CLIMATE NORMALS FOR TODAY
                         NORMAL    RECORD    YEAR
 MAXIMUM TEMPERATURE (F)   61        90      1980
 MINIMUM TEMPERATURE (F)   37        20      1978


SUNRISE AND SUNSET
APRIL 21 2018.........SUNRISE   611 AM CDT   SUNSET   759 PM CDT
APRIL 22 2018.........SUNRISE   610 AM CDT   SUNSET   800 PM CDT


-  INDICATES NEGATIVE NUMBERS.
R  INDICATES RECORD WAS SET OR TIED.
MM INDICATES DATA IS MISSING.
T  INDICATES TRACE AMOUNT.




$$
