000
CDUS42 KAKQ 210545
CLIECG


CLIMATE REPORT
NATIONAL WEATHER SERVICE WAKEFIELD, VA
145 AM EDT SAT APR 21 2018


...................................

...THE ELIZABETH CITY NC CLIMATE SUMMARY FOR APRIL 20 2018...

CLIMATE NORMAL PERIOD 1981 TO 2010
CLIMATE RECORD PERIOD 1934 TO 2018


WEATHER ITEM   OBSERVED TIME   RECORD YEAR NORMAL DEPARTURE LAST
                VALUE   (LST)  VALUE       VALUE  FROM      YEAR
                                                  NORMAL
..................................................................
TEMPERATURE (F)
 YESTERDAY
  MAXIMUM         62    418 PM  93    1985  71     -9       82
  MINIMUM         36    555 AM  33    1953  49    -13       62
  AVERAGE         49                        60    -11       72

PRECIPITATION (IN)
  YESTERDAY        0.00          4.65 1991   0.10  -0.10     0.00
  MONTH TO DATE    3.27                      2.15   1.12     0.77
  SINCE MAR 1      7.69                      6.13   1.56     4.56
  SINCE JAN 1     14.33                     12.57   1.76     9.17

SNOWFALL (IN)
  YESTERDAY        0.0           0.0  2002  MM     MM
  MONTH TO DATE    0.0                      MM     MM
  SINCE NOV 1      6.8                      MM     MM
  SINCE JUL 1      6.8                      MM     MM
  SNOW DEPTH       0

DEGREE DAYS
 HEATING
  YESTERDAY       16                         6     10        0
  MONTH TO DATE  169                       170     -1       76
  SINCE MAR 1    753                       635    118      551
  SINCE JUL 1   3044                      3107    -63     2646

 COOLING
  YESTERDAY        0                         1     -1        7
  MONTH TO DATE   13                        20     -7       46
  SINCE MAR 1     16                        25     -9       53
  SINCE JAN 1     45                        27     18       56
..................................................................


WIND (MPH)
  HIGHEST WIND SPEED    22   HIGHEST WIND DIRECTION     N (340)
  HIGHEST GUST SPEED    28   HIGHEST GUST DIRECTION    NW (330)
  AVERAGE WIND SPEED     8.8


SKY COVER
  POSSIBLE SUNSHINE  MM
  AVERAGE SKY COVER 0.0


WEATHER CONDITIONS
 THE FOLLOWING WEATHER WAS RECORDED YESTERDAY.
  NO SIGNIFICANT WEATHER WAS OBSERVED.


RELATIVE HUMIDITY (PERCENT)
 HIGHEST    89           600 AM
 LOWEST     29           200 PM
 AVERAGE    59

..........................................................


THE ELIZABETH CITY NC CLIMATE NORMALS FOR TODAY
                         NORMAL    RECORD    YEAR
 MAXIMUM TEMPERATURE (F)   71        94      1985
 MINIMUM TEMPERATURE (F)   49        32      1961


SUNRISE AND SUNSET
APRIL 21 2018.........SUNRISE   624 AM EDT   SUNSET   744 PM EDT
APRIL 22 2018.........SUNRISE   622 AM EDT   SUNSET   745 PM EDT


-  INDICATES NEGATIVE NUMBERS.
R  INDICATES RECORD WAS SET OR TIED.
MM INDICATES DATA IS MISSING.
T  INDICATES TRACE AMOUNT.




$$
