000
CDUS45 KLKN 230026
CLIEKO


CLIMATE REPORT
NATIONAL WEATHER SERVICE ELKO NV
526 PM PDT TUE MAY 22 2018


...................................

...THE ELKO AIRPORT NV CLIMATE SUMMARY FOR MAY 22 2018...
VALID TODAY AS OF 0500 PM LOCAL TIME.

CLIMATE NORMAL PERIOD 1981 TO 2010
CLIMATE RECORD PERIOD 1888 TO 2018


WEATHER ITEM   OBSERVED TIME   RECORD YEAR NORMAL DEPARTURE LAST
                VALUE   (LST)  VALUE       VALUE  FROM      YEAR
                                                  NORMAL
..................................................................
TEMPERATURE (F)
 TODAY
  MAXIMUM         74    134 PM  91    1919  71      3       77
  MINIMUM         45    504 AM  19    1895  39      6       43
  AVERAGE         60                        55      5       60

PRECIPITATION (IN)
  TODAY            T             0.55 1898   0.03  -0.03     0.00
  MONTH TO DATE    1.06                      0.68   0.38     0.56
  SINCE OCT 1      6.72                      7.67  -0.95    12.84
  SINCE JAN 1      5.02                      4.61   0.41     7.21

SNOWFALL (IN)
  TODAY            0.0           0.2  1946   0.0    0.0      0.0
  MONTH TO DATE    T                         0.4   -0.4       T
  SINCE MAR 1     14.3                       8.7    5.6      1.9
  SINCE JUL 1     28.2                      41.2  -13.0     53.3
  SNOW DEPTH       0

DEGREE DAYS
 HEATING
  TODAY            5                        10     -5        5
  MONTH TO DATE  212                       284    -72      237
  SINCE MAR 1   1613                      1687    -74     1460
  SINCE JUL 1   6255                      6855   -600     6196

 COOLING
  TODAY            0                         0      0        0
  MONTH TO DATE    1                         0      1        0
  SINCE MAR 1      1                         0      1        0
  SINCE JAN 1      1                         0      1        0
..................................................................


WIND (MPH)
  HIGHEST WIND SPEED    22   HIGHEST WIND DIRECTION    NE (40)
  HIGHEST GUST SPEED    26   HIGHEST GUST DIRECTION    NE (30)



WEATHER CONDITIONS
 THE FOLLOWING WEATHER WAS RECORDED TODAY.
  THUNDERSTORM
  LIGHT RAIN


RELATIVE HUMIDITY (PERCENT)
 HIGHEST    92           500 AM
 LOWEST     31          1200 PM
 AVERAGE    62

..........................................................


THE ELKO AIRPORT NV CLIMATE NORMALS FOR TOMORROW
                         NORMAL    RECORD    YEAR
 MAXIMUM TEMPERATURE (F)   71        89      2001
 MINIMUM TEMPERATURE (F)   39        23      1966


SUNRISE AND SUNSET
MAY 22 2018...........SUNRISE   520 AM PDT   SUNSET   800 PM PDT
MAY 23 2018...........SUNRISE   519 AM PDT   SUNSET   801 PM PDT


-  INDICATES NEGATIVE NUMBERS.
R  INDICATES RECORD WAS SET OR TIED.
MM INDICATES DATA IS MISSING.
T  INDICATES TRACE AMOUNT.




$$
