000
CDUS44 KSHV 240750
CLIELD


CLIMATE REPORT
NATIONAL WEATHER SERVICE SHREVEPORT, LA
245 AM CDT TUE APR 24 2018


...................................

...THE EL DORADO CLIMATE SUMMARY FOR APRIL 23 2018...

CLIMATE NORMAL PERIOD 1981 TO 2010
CLIMATE RECORD PERIOD 1907 TO 2018


WEATHER ITEM   OBSERVED TIME   RECORD YEAR NORMAL DEPARTURE LAST
                VALUE   (LST)  VALUE       VALUE  FROM      YEAR
                                                  NORMAL
..................................................................
TEMPERATURE (F)
 YESTERDAY
  MAXIMUM         70    305 PM  91    1965  77     -7       71
  MINIMUM         52    109 AM  37    1959  53     -1       48
  AVERAGE         61                        65     -4       60

PRECIPITATION (IN)
  YESTERDAY        0.00          1.80 1985   0.14  -0.14     0.01
  MONTH TO DATE    4.13                      3.10   1.03     7.44
  SINCE DEC 1     31.26                     22.12   9.14    23.85
  SINCE JAN 1     25.63                     16.94   8.69    17.56

SNOWFALL (IN)
  YESTERDAY        0.0
  MONTH TO DATE    0.0
  SINCE MAR 1      0.0
  SINCE JUL 1      2.8
  SNOW DEPTH       0

DEGREE DAYS
 HEATING
  YESTERDAY        4                         3      1        5
  MONTH TO DATE  169                       104     65       37
  SINCE MAR 1    405                       412     -7      249
  SINCE JUL 1   2507                      2640   -133     1701

 COOLING
  YESTERDAY        0                         3     -3        0
  MONTH TO DATE   16                        48    -32       74
  SINCE MAR 1     46                        70    -24      127
  SINCE JAN 1     71                        76     -5      154
..................................................................


WIND (MPH)
  HIGHEST WIND SPEED    14   HIGHEST WIND DIRECTION    NW (320)
  HIGHEST GUST SPEED    21   HIGHEST GUST DIRECTION     W (270)
  AVERAGE WIND SPEED     5.2


SKY COVER
  POSSIBLE SUNSHINE  MM
  AVERAGE SKY COVER 0.9


WEATHER CONDITIONS
 THE FOLLOWING WEATHER WAS RECORDED YESTERDAY.
  NO SIGNIFICANT WEATHER WAS OBSERVED.


RELATIVE HUMIDITY (PERCENT)
 HIGHEST   100           800 PM
 LOWEST     66           300 PM
 AVERAGE    83

..........................................................


THE EL DORADO CLIMATE NORMALS FOR TODAY
                         NORMAL    RECORD    YEAR
 MAXIMUM TEMPERATURE (F)   78        90      1925
 MINIMUM TEMPERATURE (F)   54        37      2005


SUNRISE AND SUNSET
APRIL 24 2018.........SUNRISE   631 AM CDT   SUNSET   749 PM CDT
APRIL 25 2018.........SUNRISE   630 AM CDT   SUNSET   749 PM CDT


-  INDICATES NEGATIVE NUMBERS.
R  INDICATES RECORD WAS SET OR TIED.
MM INDICATES DATA IS MISSING.
T  INDICATES TRACE AMOUNT.




$$
