000
CDUS45 KLKN 260930
CLIELY


CLIMATE REPORT
NATIONAL WEATHER SERVICE ELKO NV
229 AM PDT THU APR 26 2018


...................................

...THE ELY AIRPORT NV CLIMATE SUMMARY FOR APRIL 25 2018...

CLIMATE NORMAL PERIOD 1981 TO 2010
CLIMATE RECORD PERIOD 1893 TO 2018


WEATHER ITEM   OBSERVED TIME   RECORD YEAR NORMAL DEPARTURE LAST
                VALUE   (LST)  VALUE       VALUE  FROM      YEAR
                                                  NORMAL
..................................................................
TEMPERATURE (F)
 YESTERDAY
  MAXIMUM         76    219 PM  77    1987  61     15       51
                                      1898
  MINIMUM         26    516 AM  10    1960  29     -3       31
  AVERAGE         51                        45      6       41

PRECIPITATION (IN)
  YESTERDAY        0.00          0.55 1939   0.03  -0.03     0.02
  MONTH TO DATE    0.24                      0.77  -0.53     0.91
  SINCE OCT 1      3.59                      5.44  -1.85     7.55
  SINCE JAN 1      3.01                      3.15  -0.14     5.77

SNOWFALL (IN)
  YESTERDAY        0.0           4.8  1971   0.2   -0.2       T
  MONTH TO DATE    0.2                       4.5   -4.3      1.4
  SINCE MAR 1     17.3                      12.8    4.5     17.2
  SINCE JUL 1     43.8                      47.7   -3.9     66.8
  SNOW DEPTH       0

DEGREE DAYS
 HEATING
  YESTERDAY       14                        20     -6       24
  MONTH TO DATE  504                       580    -76      547
  SINCE MAR 1   1438                      1470    -32     1287
  SINCE JUL 1   6235                      6807   -572     6248

 COOLING
  YESTERDAY        0                         0      0        0
  MONTH TO DATE    0                         0      0        0
  SINCE MAR 1      0                         0      0        0
  SINCE JAN 1      0                         0      0        0
..................................................................


WIND (MPH)
  HIGHEST WIND SPEED    18   HIGHEST WIND DIRECTION    SW (240)
  HIGHEST GUST SPEED    22   HIGHEST GUST DIRECTION    SW (240)
  AVERAGE WIND SPEED     7.7



WEATHER CONDITIONS
 THE FOLLOWING WEATHER WAS RECORDED YESTERDAY.
  NO SIGNIFICANT WEATHER WAS OBSERVED.


RELATIVE HUMIDITY (PERCENT)
 HIGHEST    63           400 AM
 LOWEST     13           200 PM
 AVERAGE    38

..........................................................


THE ELY AIRPORT NV CLIMATE NORMALS FOR TODAY
                         NORMAL    RECORD    YEAR
 MAXIMUM TEMPERATURE (F)   61        80      1992
 MINIMUM TEMPERATURE (F)   29         8      1975


SUNRISE AND SUNSET
APRIL 26 2018.........SUNRISE   547 AM PDT   SUNSET   728 PM PDT
APRIL 27 2018.........SUNRISE   546 AM PDT   SUNSET   729 PM PDT


-  INDICATES NEGATIVE NUMBERS.
R  INDICATES RECORD WAS SET OR TIED.
MM INDICATES DATA IS MISSING.
T  INDICATES TRACE AMOUNT.




$$
