004
CDUS43 KTOP 230635
CLIEMP


CLIMATE REPORT
NATIONAL WEATHER SERVICE TOPEKA KS
134 AM CDT MON APR 23 2018


...................................

...THE EMPORIA KS CLIMATE SUMMARY FOR APRIL 22 2018...

CLIMATE NORMAL PERIOD 1981 TO 2010
CLIMATE RECORD PERIOD 9999 TO 9999


WEATHER ITEM   OBSERVED NORMAL DEPARTURE LAST
                VALUE   VALUE  FROM      YEAR
                               NORMAL
...............................................
TEMPERATURE (F)
 YESTERDAY
  MAXIMUM         60     70    -10       64
  MINIMUM         45     46     -1       44
  AVERAGE         53     58     -5       54

PRECIPITATION (IN)
  YESTERDAY        0.07   0.13  -0.06     0.02
  MONTH TO DATE    1.06   2.17  -1.11     4.23
  SINCE MAR 1      3.25   4.70  -1.45     8.42
  SINCE JAN 1      4.58   6.56  -1.98    10.16

DEGREE DAYS
 HEATING
  YESTERDAY       12      8      4       11
  MONTH TO DATE  437    245    192      152
  SINCE MAR 1   1028    855    173      628
  SINCE JUL 1   4756   4677     79     3719

 COOLING
  YESTERDAY        0      1     -1        0
  MONTH TO DATE    4     16    -12       30
  SINCE MAR 1      4     18    -14       42
  SINCE JAN 1      4     18    -14       42
...............................................


WIND (MPH)
  HIGHEST WIND SPEED    18   HIGHEST WIND DIRECTION    NE (40)
  HIGHEST GUST SPEED    24   HIGHEST GUST DIRECTION    NE (40)
  AVERAGE WIND SPEED     8.7


SKY COVER
  AVERAGE SKY COVER 1.0


WEATHER CONDITIONS
 THE FOLLOWING WEATHER WAS RECORDED YESTERDAY.
  LIGHT RAIN
  FOG


RELATIVE HUMIDITY (PERCENT)
 HIGHEST    92
 LOWEST     64
 AVERAGE    78

..........................................................


THE EMPORIA KS CLIMATE NORMALS FOR TODAY
                         NORMAL
 MAXIMUM TEMPERATURE (F)   70
 MINIMUM TEMPERATURE (F)   47


SUNRISE AND SUNSET
APRIL 23 2018.........SUNRISE   638 AM CDT   SUNSET   809 PM CDT
APRIL 24 2018.........SUNRISE   637 AM CDT   SUNSET   810 PM CDT


-  INDICATES NEGATIVE NUMBERS.
R  INDICATES RECORD WAS SET OR TIED.
MM INDICATES DATA IS MISSING.
T  INDICATES TRACE AMOUNT.




$$
