801
CDUS46 KOTX 240822
CLIEPH


CLIMATE REPORT
NATIONAL WEATHER SERVICE SPOKANE, WA
122 AM PDT TUE APR 24 2018


...................................

...THE EPHRATA WA AIRPORT CLIMATE SUMMARY FOR APRIL 23 2018...

CLIMATE NORMAL PERIOD 1981 TO 2010
CLIMATE RECORD PERIOD 9999 TO 9999


WEATHER ITEM   OBSERVED TIME   RECORD YEAR NORMAL DEPARTURE LAST
                VALUE   (LST)  VALUE       VALUE  FROM      YEAR
                                                  NORMAL
..................................................................
TEMPERATURE (F)
 YESTERDAY
  MAXIMUM         68    450 PM  87    2012  65      3       63
                                      1977
  MINIMUM         35    129 AM  30    2013  39     -4       42
                                      2011
                                      2000
  AVERAGE         52                        52      0       53

PRECIPITATION (IN)
  YESTERDAY        0.00          0.61 1960   0.02  -0.02      T
  MONTH TO DATE    1.06                      0.39   0.67     1.35
  SINCE OCT 1      5.95                      5.55   0.40     8.34
  SINCE JAN 1      3.37                      2.72   0.65     4.74

SNOWFALL (IN)
  YESTERDAY       MM

DEGREE DAYS
 HEATING
  YESTERDAY       13                        13      0       12
  MONTH TO DATE  368                       356     12      362
  SINCE MAR 1   1041                      1040      1     1044
  SINCE JUL 1   5275                      5613   -338     5822

 COOLING
  YESTERDAY        0                         0      0        0
  MONTH TO DATE    0                         0      0        0
  SINCE MAR 1      0                         0      0        0
  SINCE JAN 1      0                         0      0        0
..................................................................


WIND (MPH)
  HIGHEST WIND SPEED    17   HIGHEST WIND DIRECTION     N (20)
  HIGHEST GUST SPEED    21   HIGHEST GUST DIRECTION    NE (40)
  AVERAGE WIND SPEED     8.4


SKY COVER
  POSSIBLE SUNSHINE  MM
  AVERAGE SKY COVER 0.0


WEATHER CONDITIONS
 THE FOLLOWING WEATHER WAS RECORDED YESTERDAY.
  NO SIGNIFICANT WEATHER WAS OBSERVED.


RELATIVE HUMIDITY (PERCENT)
 HIGHEST    46          1100 PM
 LOWEST     18           200 PM
 AVERAGE    32

..........................................................


THE EPHRATA WA AIRPORT CLIMATE NORMALS FOR TODAY
                         NORMAL    RECORD    YEAR
 MAXIMUM TEMPERATURE (F)   65        94      1977
 MINIMUM TEMPERATURE (F)   40        27      2008


SUNRISE AND SUNSET
APRIL 24 2018.........SUNRISE   553 AM PDT   SUNSET   800 PM PDT
APRIL 25 2018.........SUNRISE   552 AM PDT   SUNSET   801 PM PDT


-  INDICATES NEGATIVE NUMBERS.
R  INDICATES RECORD WAS SET OR TIED.
MM INDICATES DATA IS MISSING.
T  INDICATES TRACE AMOUNT.




$$
