000
CDUS46 KPQR 210226
CLIEUG


CLIMATE REPORT
NATIONAL WEATHER SERVICE PORTLAND OREGON
726 PM PDT FRI APR 20 2018


...................................

...THE EUGENE OR CLIMATE SUMMARY FOR APRIL 20 2018...
VALID TODAY AS OF 0700 PM LOCAL TIME.

CLIMATE NORMAL PERIOD 1981 TO 2010
CLIMATE RECORD PERIOD 1892 TO 2018


WEATHER ITEM   OBSERVED TIME   RECORD YEAR NORMAL DEPARTURE LAST
                VALUE   (LST)  VALUE       VALUE  FROM      YEAR
                                                  NORMAL
..................................................................
TEMPERATURE (F)
 TODAY
  MAXIMUM         68    426 PM  87    1934  62      6       60
  MINIMUM         35    554 AM  27    1927  40     -5       40
  AVERAGE         52                        51      1       50

PRECIPITATION (IN)
  TODAY            0.00          0.96 1980   0.11  -0.11     0.21
  MONTH TO DATE    3.01                      2.39   0.62     2.38
  SINCE OCT 1     28.29                     38.48 -10.19    41.17
  SINCE JAN 1     14.28                     19.68  -5.40    21.58

SNOWFALL (IN)
  TODAY            0.0
  MONTH TO DATE    0.0
  SINCE MAR 1      T
  SINCE JUL 1      2.0

DEGREE DAYS
 HEATING
  TODAY           13                        14     -1       15
  MONTH TO DATE  327                       311     16      308
  SINCE MAR 1    986                       880    106      832
  SINCE JUL 1   4309                      4207    102     4033

 COOLING
  TODAY            0                         0      0        0
  MONTH TO DATE    0                         0      0        0
  SINCE MAR 1      0                         0      0        0
  SINCE JAN 1      0                         0      0        0
..................................................................


WIND (MPH)
  HIGHEST WIND SPEED    15   HIGHEST WIND DIRECTION     W (270)
  HIGHEST GUST SPEED    19   HIGHEST GUST DIRECTION     W (270)
  AVERAGE WIND SPEED     3.1


SKY COVER
  POSSIBLE SUNSHINE  MM
  AVERAGE SKY COVER 0.4


WEATHER CONDITIONS
 THE FOLLOWING WEATHER WAS RECORDED TODAY.
  NO SIGNIFICANT WEATHER WAS OBSERVED.


RELATIVE HUMIDITY (PERCENT)
 HIGHEST   100           600 AM
 LOWEST     42           400 PM
 AVERAGE    71

..........................................................


THE EUGENE OR CLIMATE NORMALS FOR TOMORROW
                         NORMAL    RECORD    YEAR
 MAXIMUM TEMPERATURE (F)   62        83      1918
 MINIMUM TEMPERATURE (F)   40        31      1951


SUNRISE AND SUNSET
APRIL 20 2018.........SUNRISE   621 AM PDT   SUNSET   803 PM PDT
APRIL 21 2018.........SUNRISE   619 AM PDT   SUNSET   804 PM PDT


-  INDICATES NEGATIVE NUMBERS.
R  INDICATES RECORD WAS SET OR TIED.
MM INDICATES DATA IS MISSING.
T  INDICATES TRACE AMOUNT.




$$
