000
CDUS45 KSLC 241246
CLIEVW


CLIMATE REPORT
NATIONAL WEATHER SERVICE SALT LAKE CITY UT
645 AM MDT THU MAY 24 2018


...................................

...THE EVANSTON WY CLIMATE SUMMARY FOR MAY 23 2018...

CLIMATE NORMAL PERIOD 1981 TO 2010
CLIMATE RECORD PERIOD 9999 TO 9999


WEATHER ITEM   OBSERVED TIME   RECORD YEAR NORMAL DEPARTURE LAST
                VALUE   (LST)  VALUE       VALUE  FROM      YEAR
                                                  NORMAL
..................................................................
TEMPERATURE (F)
 YESTERDAY
  MAXIMUM         63    151 PM  MM      MM  63      0       69
  MINIMUM         40    554 AM  MM      MM  38      2       40
  AVERAGE         52                        51      1       55

PRECIPITATION (IN)
  YESTERDAY        0.01         MM      MM   0.06  -0.05     0.00
  MONTH TO DATE    0.13                      1.35  -1.22     0.14
  SINCE OCT 1      2.31                      7.30  -4.99     5.06
  SINCE JAN 1      0.77                      4.51  -3.74     3.48

DEGREE DAYS
 HEATING
  YESTERDAY       13                        14     -1       10
  MONTH TO DATE  325                       401    -76      371
  SINCE MAR 1   1954                      2230   -276     1998
  SINCE JUL 1   7120                      8238  -1118     7575

 COOLING
  YESTERDAY        0                         0      0        0
  MONTH TO DATE    0                         0      0        0
  SINCE MAR 1      0                         0      0        0
  SINCE JAN 1      0                         0      0        0
..................................................................


WIND (MPH)
  RESULTANT WIND SPEED   8   RESULTANT WIND DIRECTION  SW (230)
  HIGHEST WIND SPEED    25   HIGHEST WIND DIRECTION    SW (220)
  HIGHEST GUST SPEED    33   HIGHEST GUST DIRECTION     W (250)
  AVERAGE WIND SPEED     9.9


SKY COVER
  POSSIBLE SUNSHINE  MM
  AVERAGE SKY COVER 0.3


WEATHER CONDITIONS
 THE FOLLOWING WEATHER WAS RECORDED YESTERDAY.
  LIGHT RAIN


RELATIVE HUMIDITY (PERCENT)
 HIGHEST   100           600 AM
 LOWEST     46          1100 AM
 AVERAGE    73

..........................................................


THE EVANSTON WY CLIMATE NORMALS FOR TODAY
                         NORMAL    RECORD    YEAR
 MAXIMUM TEMPERATURE (F)   64        MM        MM
 MINIMUM TEMPERATURE (F)   39        MM        MM


SUNRISE AND SUNSET
MAY 24 2018...........SUNRISE   558 AM MDT   SUNSET   844 PM MDT
MAY 25 2018...........SUNRISE   557 AM MDT   SUNSET   845 PM MDT


-  INDICATES NEGATIVE NUMBERS.
R  INDICATES RECORD WAS SET OR TIED.
MM INDICATES DATA IS MISSING.
T  INDICATES TRACE AMOUNT.




$$
