000
CDUS46 KHNX 260024
CLIFAT


CLIMATE REPORT
NATIONAL WEATHER SERVICE SAN JOAQUIN VALLEY, CA
523 PM PDT WED APR 25 2018


...................................

...THE FRESNO CA CLIMATE SUMMARY FOR APRIL 25 2018...
VALID AS OF 0400 PM LOCAL TIME.

CLIMATE NORMAL PERIOD 1981 TO 2010
CLIMATE RECORD PERIOD 1887 TO 2018


WEATHER ITEM   OBSERVED TIME   RECORD YEAR NORMAL DEPARTURE LAST
                VALUE   (LST)  VALUE       VALUE  FROM      YEAR
                                                  NORMAL
..................................................................
TEMPERATURE (F)
 TODAY
  MAXIMUM         90    359 PM 101    1898  78     12       72
  MINIMUM         59    604 AM  36    1964  51      8       51
  AVERAGE         75                        64     11       62

PRECIPITATION (IN)
  TODAY            0.00          0.93 1952   0.02  -0.02     0.00
  MONTH TO DATE    0.64                      0.82  -0.18     3.42
  SINCE OCT 1      6.73                     10.54  -3.81    17.08
  SINCE JAN 1      6.32                      7.07  -0.75    12.52

SNOWFALL (IN)
  TODAY            0.0
  MONTH TO DATE    0.0
  SINCE MAR 1      0.0
  SINCE JUL 1      0.0
  SNOW DEPTH       0

DEGREE DAYS
 HEATING
  TODAY            0                         3     -3        3
  MONTH TO DATE   62                       125    -63       92
  SINCE MAR 1    320                       390    -70      294
  SINCE JUL 1   1801                      2302   -501     1908

 COOLING
  TODAY           10                         2      8        0
  MONTH TO DATE   71                        33     38        8
  SINCE MAR 1     81                        38     43       25
  SINCE JAN 1     81                        38     43       25
..................................................................


WIND (MPH)
  HIGHEST WIND SPEED    14   HIGHEST WIND DIRECTION    NW (310)
  HIGHEST GUST SPEED    16   HIGHEST GUST DIRECTION    NW (310)
  AVERAGE WIND SPEED     5.8




RELATIVE HUMIDITY (PERCENT)
 HIGHEST    62
 LOWEST     26
 AVERAGE    44

..........................................................


THE FRESNO CA CLIMATE NORMALS FOR TOMORROW
                         NORMAL    RECORD    YEAR
 MAXIMUM TEMPERATURE (F)   78        98      1926
 MINIMUM TEMPERATURE (F)   52        37      1975


SUNRISE AND SUNSET
APRIL 25 2018.........SUNRISE   612 AM PDT   SUNSET   742 PM PDT
APRIL 26 2018.........SUNRISE   611 AM PDT   SUNSET   743 PM PDT


-  INDICATES NEGATIVE NUMBERS.
R  INDICATES RECORD WAS SET OR TIED.
MM INDICATES DATA IS MISSING.
T  INDICATES TRACE AMOUNT.




$$
