490
CDUS42 KFFC 250047
CLIFFC


CLIMATE REPORT
NATIONAL WEATHER SERVICE PEACHTREE CITY GA
847 PM EDT TUE APR 24 2018


...................................

...THE PEACHTREE CITY CLIMATE SUMMARY FOR APRIL 24 2018...
VALID AS OF 0900 AM LOCAL TIME.

CLIMATE NORMAL PERIOD 1981 TO 2010
CLIMATE RECORD PERIOD 9999 TO 9999


WEATHER ITEM   OBSERVED RECORD YEAR NORMAL DEPARTURE LAST
                VALUE   VALUE       VALUE  FROM      YEAR
                                           NORMAL
...........................................................
TEMPERATURE (F)
 TODAY
  MAXIMUM         72     MM      MM  76     -4       65
  MINIMUM         58     MM      MM  49      9       53
  AVERAGE         65

PRECIPITATION (IN)
  TODAY            0.00  MM      MM   0.13  -0.13      T
  MONTH TO DATE    4.47               3.23   1.24     2.85
  SINCE MAR 1      8.70               8.34   0.36     4.92

SNOWFALL (IN)
  TODAY            0.0   MM      MM  MM               0.0
  MONTH TO DATE    0.0               MM               0.0
  SINCE MAR 1      0.0               MM               0.0
  SINCE JUL 1      2.9               MM               0.0

DEGREE DAYS
 HEATING
  TODAY            0

 COOLING
  TODAY            0
...........................................................


WIND (MPH)
  RESULTANT WIND SPEED   3   RESULTANT WIND DIRECTION   W (270)
  HIGHEST WIND SPEED    17   HIGHEST WIND DIRECTION    NW (310)
  HIGHEST GUST SPEED    23   HIGHEST GUST DIRECTION    NW (320)


SKY COVER
  POSSIBLE SUNSHINE  MM
  AVERAGE SKY COVER 0.9


WEATHER CONDITIONS
 THE FOLLOWING WEATHER WAS RECORDED TODAY.
  NO SIGNIFICANT WEATHER WAS OBSERVED.


RELATIVE HUMIDITY (PERCENT)
 HIGHEST    97
 LOWEST     84
 AVERAGE    91

..........................................................


THE PEACHTREE CITY CLIMATE NORMALS FOR TOMORROW
                         NORMAL    RECORD    YEAR
 MAXIMUM TEMPERATURE (F)   77        MM        MM
 MINIMUM TEMPERATURE (F)   50        MM        MM


SUNRISE AND SUNSET
APRIL 24 2018.........SUNRISE   658 AM EDT   SUNSET   816 PM EDT
APRIL 25 2018.........SUNRISE   656 AM EDT   SUNSET   816 PM EDT


-  INDICATES NEGATIVE NUMBERS.
R  INDICATES RECORD WAS SET OR TIED.
MM INDICATES DATA IS MISSING.
T  INDICATES TRACE AMOUNT.




$$
