000
CDUS43 KFSD 260733
CLIFSD


CLIMATE REPORT
NATIONAL WEATHER SERVICE SIOUX FALLS SD
231 AM CDT SAT MAY 26 2018


...................................

...THE SIOUX FALLS SD CLIMATE SUMMARY FOR MAY 25 2018...

CLIMATE NORMAL PERIOD 1981 TO 2010
CLIMATE RECORD PERIOD 1893 TO 2018


WEATHER ITEM   OBSERVED TIME   RECORD YEAR NORMAL DEPARTURE LAST
                VALUE   (LST)  VALUE       VALUE  FROM      YEAR
                                                  NORMAL
..................................................................
TEMPERATURE (F)
 YESTERDAY
  MAXIMUM         89    151 PM 100    1967  72     17       72
  MINIMUM         61   1145 PM  31    1901  49     12       50
  AVERAGE         75                        61     14       61

PRECIPITATION (IN)
  YESTERDAY        0.00          2.73 1939   0.11  -0.11      T
  MONTH TO DATE    2.42                      2.70  -0.28     3.16
  SINCE MAR 1      7.82                      7.47   0.35     6.57
  SINCE JAN 1      9.36                      8.63   0.73     7.68

SNOWFALL (IN)
  YESTERDAY        0.0          MM      MM   0.0    0.0      0.0
  MONTH TO DATE    0.0                       0.4   -0.4      2.2
  SINCE MAR 1     38.8                      13.4   25.4     11.5
  SINCE JUL 1     70.4                      44.9   25.5     42.9
  SNOW DEPTH       0

DEGREE DAYS
 HEATING
  YESTERDAY        0                         6     -6        4
  MONTH TO DATE  121                       220    -99      213
  SINCE MAR 1   1911                      1777    134     1597
  SINCE JUL 1   7563                      7627    -64     6403

 COOLING
  YESTERDAY       10                         1      9        0
  MONTH TO DATE   39                        21     18       25
  SINCE MAR 1     46                        26     20       26
  SINCE JAN 1     46                        26     20       26
..................................................................


WIND (MPH)
  HIGHEST WIND SPEED    13   HIGHEST WIND DIRECTION     W (260)
  HIGHEST GUST SPEED    20   HIGHEST GUST DIRECTION     W (260)
  AVERAGE WIND SPEED     3.2


SKY COVER
  POSSIBLE SUNSHINE  MM
  AVERAGE SKY COVER 0.3


WEATHER CONDITIONS
 THE FOLLOWING WEATHER WAS RECORDED YESTERDAY.
  THUNDERSTORM


RELATIVE HUMIDITY (PERCENT)
 HIGHEST    87          1200 AM
 LOWEST     39           400 PM
 AVERAGE    63

..........................................................


THE SIOUX FALLS SD CLIMATE NORMALS FOR TODAY
                         NORMAL    RECORD    YEAR
 MAXIMUM TEMPERATURE (F)   73        96      1914
 MINIMUM TEMPERATURE (F)   50        31      1971


SUNRISE AND SUNSET
MAY 26 2018...........SUNRISE   552 AM CDT   SUNSET   856 PM CDT
MAY 27 2018...........SUNRISE   552 AM CDT   SUNSET   857 PM CDT


-  INDICATES NEGATIVE NUMBERS.
R  INDICATES RECORD WAS SET OR TIED.
MM INDICATES DATA IS MISSING.
T  INDICATES TRACE AMOUNT.




$$
