000
CDUS44 KTSA 250801
CLIFSM

CLIMATE REPORT
NATIONAL WEATHER SERVICE TULSA OK
300 AM CDT FRI MAY 25 2018


...................................

...THE FORT SMITH ARKANSAS CLIMATE SUMMARY FOR MAY 24 2018...

CLIMATE NORMAL PERIOD 1981 TO 2010
CLIMATE RECORD PERIOD 1882 TO 2018


WEATHER ITEM   OBSERVED TIME   RECORD YEAR NORMAL DEPARTURE LAST
                VALUE   (LST)  VALUE       VALUE  FROM      YEAR
                                                  NORMAL
..................................................................
TEMPERATURE (F)
 YESTERDAY
  MAXIMUM         89   1232 PM  95    1962  82      7       71
  MINIMUM         67    430 AM  45    1983  62      5       52
  AVERAGE         78                        72      6       62

PRECIPITATION (IN)
  YESTERDAY        0.27          2.90 1909   0.17   0.10     0.00
  MONTH TO DATE    1.86                      4.31  -2.45     6.35
  SINCE MAR 1      8.56                     12.46  -3.90    17.16
  SINCE JAN 1     17.82                     18.03  -0.21    21.98

DEGREE DAYS
 COOLING
  YESTERDAY       13                         7      6        0
  MONTH TO DATE  255                       119    136      110
  SINCE MAR 1    273                       184     89      230
  SINCE JAN 1    275                       185     90      246
..................................................................


WIND (MPH)
  HIGHEST WIND SPEED    15   HIGHEST WIND DIRECTION    NE (30)
  HIGHEST GUST SPEED    20   HIGHEST GUST DIRECTION    SE (130)
  AVERAGE WIND SPEED     5.0


SKY COVER
  POSSIBLE SUNSHINE  MM
  AVERAGE SKY COVER 0.1


WEATHER CONDITIONS
 THE FOLLOWING WEATHER WAS RECORDED YESTERDAY.
  THUNDERSTORM
  HEAVY RAIN
  LIGHT RAIN


RELATIVE HUMIDITY (PERCENT)
 HIGHEST    97           100 AM
 LOWEST     55           600 PM
 AVERAGE    76

..........................................................


THE FORT SMITH ARKANSAS CLIMATE NORMALS FOR TODAY
                         NORMAL    RECORD    YEAR
 MAXIMUM TEMPERATURE (F)   83        95      1964
 MINIMUM TEMPERATURE (F)   62        47      2001
                                             1979


SUNRISE AND SUNSET
MAY 25 2018...........SUNRISE   607 AM CDT   SUNSET   822 PM CDT
MAY 26 2018...........SUNRISE   606 AM CDT   SUNSET   823 PM CDT


-  INDICATES NEGATIVE NUMBERS.
R  INDICATES RECORD WAS SET OR TIED.
MM INDICATES DATA IS MISSING.
T  INDICATES TRACE AMOUNT.




$$

&&
...........................................................

THE ARKANSAS RIVER AT VAN BUREN

                   OBSERVED      24 HOUR     24 HOUR
                    VALUE        CHANGE      FORECAST

 STAGE (FEET)
  THIS MORNING       19.3         +0.4

 MEAN FLOW (CFS)
  TODAY                                        2224
...........................................................
ALL DATA MEASURED AT THE FORT SMITH REGIONAL AIRPORT
