000
CDUS41 KPHI 190554
CLIGED


CLIMATE REPORT
NATIONAL WEATHER SERVICE MOUNT HOLLY NJ
154 AM EDT THU APR 19 2018


...................................

...THE GEORGETOWN DE CLIMATE SUMMARY FOR APRIL 18 2018...

CLIMATE NORMAL PERIOD 1981 TO 2010
CLIMATE RECORD PERIOD 1948 TO 2018


WEATHER ITEM   OBSERVED TIME   RECORD YEAR NORMAL DEPARTURE LAST
                VALUE   (LST)  VALUE       VALUE  FROM      YEAR
                                                  NORMAL
..................................................................
TEMPERATURE (F)
 YESTERDAY
  MAXIMUM         61    510 PM  90    1976  65     -4       66
  MINIMUM         35    442 AM  27    1996  44     -9       47
  AVERAGE         48                        55     -7       57

PRECIPITATION (IN)
  YESTERDAY        0.00          0.83 1982   0.12  -0.12     0.00
  MONTH TO DATE    2.52                      2.36   0.16     0.63
  SINCE MAR 1      5.57                      6.41  -0.84     5.00
  SINCE JAN 1     12.39                     12.12   0.27     9.24

DEGREE DAYS
 HEATING
  YESTERDAY       17                        11      6        8
  MONTH TO DATE  250                       238     12      114
  SINCE MAR 1    957                       870     87      730
  SINCE JUL 1   3915                      4150   -235     3415

 COOLING
  YESTERDAY        0                         1     -1        0
  MONTH TO DATE   14                         8      6       21
  SINCE MAR 1     14                        10      4       24
  SINCE JAN 1     21                        10     11       24
..................................................................


WIND (MPH)
  HIGHEST WIND SPEED    17   HIGHEST WIND DIRECTION    SW (230)
  HIGHEST GUST SPEED    24   HIGHEST GUST DIRECTION    SW (220)
  AVERAGE WIND SPEED     6.4


SKY COVER
  POSSIBLE SUNSHINE  MM
  AVERAGE SKY COVER 0.0


WEATHER CONDITIONS
 THE FOLLOWING WEATHER WAS RECORDED YESTERDAY.
  NO SIGNIFICANT WEATHER WAS OBSERVED.


RELATIVE HUMIDITY (PERCENT)
 HIGHEST    77           900 PM
 LOWEST     36           300 PM
 AVERAGE    57

..........................................................


THE GEORGETOWN DE CLIMATE NORMALS FOR TODAY
                         NORMAL    RECORD    YEAR
 MAXIMUM TEMPERATURE (F)   66        91      1976
 MINIMUM TEMPERATURE (F)   45        29      2001
                                             1990


SUNRISE AND SUNSET
APRIL 19 2018.........SUNRISE   620 AM EDT   SUNSET   742 PM EDT
APRIL 20 2018.........SUNRISE   618 AM EDT   SUNSET   743 PM EDT


-  INDICATES NEGATIVE NUMBERS.
R  INDICATES RECORD WAS SET OR TIED.
MM INDICATES DATA IS MISSING.
T  INDICATES TRACE AMOUNT.




$$
