000
CDUS43 KFGF 230635
CLIGFK


CLIMATE REPORT
NATIONAL WEATHER SERVICE EASTERN NORTH DAKOTA/GRAND FORKS
134 AM CDT MON APR 23 2018


...................................

...THE GRAND FORKS INTL AP ND CLIMATE SUMMARY FOR APRIL 22 2018...

CLIMATE NORMAL PERIOD 1981 TO 2010
CLIMATE RECORD PERIOD 1948 TO 2018


WEATHER ITEM   OBSERVED TIME   RECORD YEAR NORMAL DEPARTURE LAST
                VALUE   (LST)  VALUE       VALUE  FROM      YEAR
                                                  NORMAL
..................................................................
TEMPERATURE (F)
 YESTERDAY
  MAXIMUM         62    520 PM  88    1990  58      4       57
  MINIMUM         34    604 AM  22    2015  33      1       33
  AVERAGE         48                        46      2       45

PRECIPITATION (IN)
  YESTERDAY        0.00          0.35 1968   0.04  -0.04      T
  MONTH TO DATE    0.15                      0.65  -0.50     0.66
  SINCE MAR 1      2.00                      1.61   0.39     1.51
  SINCE JAN 1      2.93                      2.68   0.25     2.36

SNOWFALL (IN)
  YESTERDAY        0.0           T    2017   0.1   -0.1       T
                                      1996
  MONTH TO DATE    3.0                       2.2    0.8       T
  SINCE MAR 1     16.9                       9.4    7.5      0.2
  SINCE JUL 1     52.4                      46.6    5.8     38.5
  SNOW DEPTH       0

DEGREE DAYS
 HEATING
  YESTERDAY       17                        20     -3       20
  MONTH TO DATE  816                       554    262      416
  SINCE MAR 1   2068                      1789    279     1571
  SINCE JUL 1   9058                      8939    119     7540

 COOLING
  YESTERDAY        0                         0      0        0
  MONTH TO DATE    0                         0      0        0
  SINCE MAR 1      0                         0      0        0
  SINCE JAN 1      0                         0      0        0
..................................................................


WIND (MPH)
  HIGHEST WIND SPEED    24   HIGHEST WIND DIRECTION     S (200)
  HIGHEST GUST SPEED    31   HIGHEST GUST DIRECTION    SW (210)
  AVERAGE WIND SPEED    14.1


SKY COVER
  POSSIBLE SUNSHINE  MM
  AVERAGE SKY COVER 0.5


WEATHER CONDITIONS
 THE FOLLOWING WEATHER WAS RECORDED YESTERDAY.
  NO SIGNIFICANT WEATHER WAS OBSERVED.


RELATIVE HUMIDITY (PERCENT)
 HIGHEST   100          1200 AM
 LOWEST     55           300 PM
 AVERAGE    78

..........................................................


THE GRAND FORKS INTL AP ND CLIMATE NORMALS FOR TODAY
                         NORMAL    RECORD    YEAR
 MAXIMUM TEMPERATURE (F)   59        90      1990
 MINIMUM TEMPERATURE (F)   33        18      2015


SUNRISE AND SUNSET
APRIL 23 2018.........SUNRISE   624 AM CDT   SUNSET   831 PM CDT
APRIL 24 2018.........SUNRISE   623 AM CDT   SUNSET   832 PM CDT


-  INDICATES NEGATIVE NUMBERS.
R  INDICATES RECORD WAS SET OR TIED.
MM INDICATES DATA IS MISSING.
T  INDICATES TRACE AMOUNT.




$$
