739
CDUS41 KALY 210635
CLIGFL


CLIMATE REPORT
NATIONAL WEATHER SERVICE ALBANY NY
234 AM EDT SAT APR 21 2018


...................................

...THE GLENS FALLS NY CLIMATE SUMMARY FOR APRIL 20 2018...

CLIMATE NORMAL PERIOD 1981 TO 2010
CLIMATE RECORD PERIOD 1949 TO 2018


WEATHER ITEM   OBSERVED TIME   RECORD YEAR NORMAL DEPARTURE LAST
                VALUE   (LST)  VALUE       VALUE  FROM      YEAR
                                                  NORMAL
..................................................................
TEMPERATURE (F)
 YESTERDAY
  MAXIMUM         46    233 PM  83    1954  59    -13       58
  MINIMUM         29   1029 PM  22    1974  34     -5       45
  AVERAGE         38                        47     -9       52

PRECIPITATION (IN)
  YESTERDAY        0.00          0.72 1950   0.09  -0.09     0.06
  MONTH TO DATE    1.68                      1.95  -0.27     2.46
  SINCE MAR 1      3.41                      4.89  -1.48     5.00
  SINCE JAN 1      8.17                      9.83  -1.66     9.69

DEGREE DAYS
 HEATING
  YESTERDAY       27                        18      9       13
  MONTH TO DATE  596                       448    148      334
  SINCE MAR 1   1615                      1491    124     1402
  SINCE JUL 1   6915                      7111   -196     5924

 COOLING
  YESTERDAY        0                         0      0        0
  MONTH TO DATE    0                         0      0        2
  SINCE MAR 1      0                         0      0        2
  SINCE JAN 1      0                         0      0        2
..................................................................


WIND (MPH)
  HIGHEST WIND SPEED    22   HIGHEST WIND DIRECTION    NW (320)
  HIGHEST GUST SPEED    35   HIGHEST GUST DIRECTION    NW (330)
  AVERAGE WIND SPEED    11.9


SKY COVER
  AVERAGE SKY COVER 0.6



RELATIVE HUMIDITY (PERCENT)
 HIGHEST    72          1000 PM
 LOWEST     45          1200 PM
 AVERAGE    59

..........................................................


THE GLENS FALLS NY CLIMATE NORMALS FOR TODAY
                         NORMAL    RECORD    YEAR
 MAXIMUM TEMPERATURE (F)   60        82      1954
 MINIMUM TEMPERATURE (F)   35        23      1956


SUNRISE AND SUNSET
APRIL 21 2018.........SUNRISE   603 AM EDT   SUNSET   744 PM EDT
APRIL 22 2018.........SUNRISE   601 AM EDT   SUNSET   746 PM EDT


-  INDICATES NEGATIVE NUMBERS.
R  INDICATES RECORD WAS SET OR TIED.
MM INDICATES DATA IS MISSING.
T  INDICATES TRACE AMOUNT.




$$
