000
CDUS44 KJAN 241018
CLIGLH


CLIMATE REPORT
NATIONAL WEATHER SERVICE JACKSON MS
514 AM CDT THU MAY 24 2018


...................................

...THE GREENVILLE CLIMATE SUMMARY FOR MAY 23 2018...

CLIMATE NORMAL PERIOD 1981 TO 2010
CLIMATE RECORD PERIOD 1903 TO 2018


WEATHER ITEM   OBSERVED TIME   RECORD YEAR NORMAL DEPARTURE LAST
                VALUE   (LST)  VALUE       VALUE  FROM      YEAR
                                                  NORMAL
..................................................................
TEMPERATURE (F)
 YESTERDAY
  MAXIMUM         89    106 PM  94    1972  84      5       78
                                      1941
                                      1918
  MINIMUM         70   1038 PM  48    1963  64      6       63
  AVERAGE         80                        74      6       71

PRECIPITATION (IN)
  YESTERDAY        T             2.14 1944   0.15  -0.15     0.05
  MONTH TO DATE    1.47                      3.91  -2.44     0.89
  SINCE MAR 1     12.04                     13.27  -1.23     7.55
  SINCE JAN 1     25.03                     23.26   1.77    15.58

SNOWFALL (IN)
  YESTERDAY        0.0

DEGREE DAYS
 HEATING
  YESTERDAY        0                         0      0        0
  MONTH TO DATE    0                        10    -10       17
  SINCE MAR 1    464                       462      2      294
  SINCE JUL 1   2677                      2771    -94     1827

 COOLING
  YESTERDAY       15                         9      6        6
  MONTH TO DATE  265                       156    109      139
  SINCE MAR 1    301                       237     64      305
  SINCE JAN 1    323                       242     81      334
..................................................................


WIND (MPH)
  HIGHEST WIND SPEED    20   HIGHEST WIND DIRECTION    NE (40)
  HIGHEST GUST SPEED    23   HIGHEST GUST DIRECTION    NE (40)
  AVERAGE WIND SPEED     4.2


SKY COVER
  POSSIBLE SUNSHINE  MM
  AVERAGE SKY COVER 0.1


WEATHER CONDITIONS
 THE FOLLOWING WEATHER WAS RECORDED YESTERDAY.
  THUNDERSTORM
  LIGHT RAIN
  FOG


RELATIVE HUMIDITY (PERCENT)
 HIGHEST   100           500 AM
 LOWEST     50           100 PM
 AVERAGE    75

..........................................................


THE GREENVILLE CLIMATE NORMALS FOR TODAY
                         NORMAL    RECORD    YEAR
 MAXIMUM TEMPERATURE (F)   84        94      2005
                                             1996
                                             1972
 MINIMUM TEMPERATURE (F)   64        46      1931


SUNRISE AND SUNSET
MAY 24 2018...........SUNRISE   558 AM CDT   SUNSET   804 PM CDT
MAY 25 2018...........SUNRISE   558 AM CDT   SUNSET   804 PM CDT


-  INDICATES NEGATIVE NUMBERS.
R  INDICATES RECORD WAS SET OR TIED.
MM INDICATES DATA IS MISSING.
T  INDICATES TRACE AMOUNT.




$$
