294
CDUS45 KMSO 200737
CLIGPI


CLIMATE REPORT
NATIONAL WEATHER SERVICE MISSOULA, MT
137 AM MDT FRI APR 20 2018


...................................

...THE KALISPELL MT CLIMATE SUMMARY FOR APRIL 19 2018...

CLIMATE NORMAL PERIOD 1981 TO 2010
CLIMATE RECORD PERIOD 1894 TO 2018


WEATHER ITEM   OBSERVED TIME   RECORD YEAR NORMAL DEPARTURE LAST
                VALUE   (LST)  VALUE       VALUE  FROM      YEAR
                                                  NORMAL
..................................................................
TEMPERATURE (F)
 YESTERDAY
  MAXIMUM         63    429 PM  79    1962  57      6       59
  MINIMUM         30   1159 PM  10    1951  32     -2       31
  AVERAGE         47                        44      3       45

PRECIPITATION (IN)
  YESTERDAY        0.00          0.46 1984   0.04  -0.04      T
  MONTH TO DATE    1.16                      0.76   0.40     1.03
  SINCE OCT 1     10.05                      8.15   1.90    14.72
  SINCE JAN 1      4.90                      4.15   0.75     7.49

SNOWFALL (IN)
  YESTERDAY        0.0
  MONTH TO DATE    1.3
  SINCE JAN 1     40.8
  SINCE JUL 1     82.8
  SNOW DEPTH       0

DEGREE DAYS
 HEATING
  YESTERDAY       18                        21     -3       20
  MONTH TO DATE  521                       430     91      457
  SINCE MAR 1   1521                      1349    172     1337
  SINCE JUL 1   7177                      7201    -24     7537

 COOLING
  YESTERDAY        0                         0      0        0
  MONTH TO DATE    0                         0      0        0
  SINCE MAR 1      0                         0      0        0
  SINCE JAN 1      0                         0      0        0
..................................................................


WIND (MPH)
  HIGHEST WIND SPEED    13   HIGHEST WIND DIRECTION    NE (30)
  HIGHEST GUST SPEED    15   HIGHEST GUST DIRECTION     S (160)
  AVERAGE WIND SPEED     4.8


SKY COVER
  POSSIBLE SUNSHINE  MM
  AVERAGE SKY COVER 0.0


WEATHER CONDITIONS
 THE FOLLOWING WEATHER WAS RECORDED YESTERDAY.
  NO SIGNIFICANT WEATHER WAS OBSERVED.


RELATIVE HUMIDITY (PERCENT)
 HIGHEST    82          1100 PM
 LOWEST     20           500 PM
 AVERAGE    51

..........................................................


THE KALISPELL MT CLIMATE NORMALS FOR TODAY
                         NORMAL    RECORD    YEAR
 MAXIMUM TEMPERATURE (F)   58        80      2010
 MINIMUM TEMPERATURE (F)   32         9      1927


SUNRISE AND SUNSET
APRIL 20 2018.........SUNRISE   637 AM MDT   SUNSET   835 PM MDT
APRIL 21 2018.........SUNRISE   636 AM MDT   SUNSET   837 PM MDT


-  INDICATES NEGATIVE NUMBERS.
R  INDICATES RECORD WAS SET OR TIED.
MM INDICATES DATA IS MISSING.
T  INDICATES TRACE AMOUNT.




$$
