000
CDUS43 KGID 220632
CLIGRI


CLIMATE REPORT
NATIONAL WEATHER SERVICE HASTINGS NE
129 AM CDT SUN APR 22 2018


...................................

...THE GRAND ISLAND NE CLIMATE SUMMARY FOR APRIL 21 2018...

CLIMATE NORMAL PERIOD 1981 TO 2010
CLIMATE RECORD PERIOD 1895 TO 2018


WEATHER ITEM   OBSERVED TIME   RECORD YEAR NORMAL DEPARTURE LAST
                VALUE   (LST)  VALUE       VALUE  FROM      YEAR
                                                  NORMAL
..................................................................
TEMPERATURE (F)
 YESTERDAY
  MAXIMUM         45    653 PM  93    1989  65    -20       61
  MINIMUM         41   1159 PM  22    1982  40      1       39
                                      1899
  AVERAGE         43                        53    -10       50

PRECIPITATION (IN)
  YESTERDAY        0.13          1.78 1984   0.09   0.04     0.00
  MONTH TO DATE    1.01                      1.62  -0.61     0.13
  SINCE MAR 1      2.27                      3.42  -1.15     0.94
  SINCE JAN 1      4.10                      4.63  -0.53     2.26

SNOWFALL (IN)
  YESTERDAY        0.0           0.7  1992   0.0    0.0      0.0
  MONTH TO DATE    4.1                       1.3    2.8      0.0
  SINCE MAR 1      4.5                       6.7   -2.2      1.2
  SINCE JUL 1     33.6                      28.8    4.8      8.9
  SNOW DEPTH       0

DEGREE DAYS
 HEATING
  YESTERDAY       22                        13      9       15
  MONTH TO DATE  570                       343    227      238
  SINCE MAR 1   1330                      1139    191      935
  SINCE JUL 1   6105                      5900    205     5001

 COOLING
  YESTERDAY        0                         1     -1        0
  MONTH TO DATE    0                         2     -2        5
  SINCE MAR 1      0                         2     -2        5
  SINCE JAN 1      0                         2     -2        5
..................................................................


WIND (MPH)
  HIGHEST WIND SPEED    18   HIGHEST WIND DIRECTION    SE (120)
  HIGHEST GUST SPEED    28   HIGHEST GUST DIRECTION    SE (140)
  AVERAGE WIND SPEED     5.3


SKY COVER
  AVERAGE SKY COVER 1.0


WEATHER CONDITIONS
 THE FOLLOWING WEATHER WAS RECORDED YESTERDAY.
  RAIN
  LIGHT RAIN
  FOG


RELATIVE HUMIDITY (PERCENT)
 HIGHEST    89           500 AM
 LOWEST     76           100 AM
 AVERAGE    83

..........................................................


THE GRAND ISLAND NE CLIMATE NORMALS FOR TODAY
                         NORMAL    RECORD    YEAR
 MAXIMUM TEMPERATURE (F)   66        94      1989
 MINIMUM TEMPERATURE (F)   40        23      1931


SUNRISE AND SUNSET
APRIL 22 2018.........SUNRISE   644 AM CDT   SUNSET   821 PM CDT
APRIL 23 2018.........SUNRISE   642 AM CDT   SUNSET   822 PM CDT


-  INDICATES NEGATIVE NUMBERS.
R  INDICATES RECORD WAS SET OR TIED.
MM INDICATES DATA IS MISSING.
T  INDICATES TRACE AMOUNT.




$$
