891
CDUS42 KGSP 260639 RRA
CLIGSP

CLIMATE REPORT
NATIONAL WEATHER SERVICE GREENVILLE-SPARTANBURG SC
238 AM EDT SAT MAY 26 2018


...................................

...THE GREENVILLE-SPARTANBURG SC CLIMATE SUMMARY FOR MAY 25 2018...

CLIMATE NORMAL PERIOD 1981 TO 2010
CLIMATE RECORD PERIOD 1884 TO 2018


WEATHER ITEM   OBSERVED TIME   RECORD YEAR NORMAL DEPARTURE LAST
                VALUE   (LST)  VALUE       VALUE  FROM      YEAR
                                                  NORMAL
..................................................................
TEMPERATURE (F)
 YESTERDAY
  MAXIMUM         76   1135 AM  96    1962  83     -7       73
                                      1953
  MINIMUM         68    328 AM  46    2005  60      8       55
  AVERAGE         72                        71      1       64

PRECIPITATION (IN)
  YESTERDAY        0.52          1.51 1959   0.12   0.40     0.00
  MONTH TO DATE    3.13                      3.02   0.11     4.40
  SINCE MAR 1     12.27                     10.90   1.37    19.05
  SINCE JAN 1     20.54                     18.69   1.85    24.77

SNOWFALL (IN)
  YESTERDAY        0.0           0.0    MM   0.0    0.0      0.0
  MONTH TO DATE    0.0                       0.0    0.0      0.0
  SINCE MAR 1      0.0                       0.9   -0.9      0.5
  SINCE JUL 1      4.7                       4.7    0.0      3.6
  SNOW DEPTH       0

DEGREE DAYS
 HEATING
  YESTERDAY        0                         1     -1        1
  MONTH TO DATE    1                        38    -37       31
  SINCE MAR 1    645                       595     50      460
  SINCE JUL 1   2916                      3044   -128     2186

 COOLING
  YESTERDAY        7                         7      0        0
  MONTH TO DATE  190                       108     82      106
  SINCE MAR 1    203                       156     47      211
  SINCE JAN 1    223                       156     67      217
..................................................................


WIND (MPH)
  HIGHEST WIND SPEED    14   HIGHEST WIND DIRECTION     S (200)
  HIGHEST GUST SPEED    17   HIGHEST GUST DIRECTION     S (200)
  AVERAGE WIND SPEED     5.1


SKY COVER
  POSSIBLE SUNSHINE  MM
  AVERAGE SKY COVER 0.9


WEATHER CONDITIONS
 THE FOLLOWING WEATHER WAS RECORDED YESTERDAY.
  HEAVY RAIN
  RAIN
  LIGHT RAIN
  FOG


RELATIVE HUMIDITY (PERCENT)
 HIGHEST   100          1200 AM
 LOWEST     84          1200 PM
 AVERAGE    92

..........................................................


THE GREENVILLE-SPARTANBURG SC CLIMATE NORMALS FOR TODAY
                         NORMAL    RECORD    YEAR
 MAXIMUM TEMPERATURE (F)   83        96      1953
                                             1926
                                             1912
 MINIMUM TEMPERATURE (F)   60        45      1979


SUNRISE AND SUNSET
MAY 26 2018...........SUNRISE   619 AM EDT   SUNSET   833 PM EDT
MAY 27 2018...........SUNRISE   618 AM EDT   SUNSET   834 PM EDT


-  INDICATES NEGATIVE NUMBERS.
R  INDICATES RECORD WAS SET OR TIED.
MM INDICATES DATA IS MISSING.
T  INDICATES TRACE AMOUNT.




$$
