471
CDUS44 KJAN 271039
CLIGWO


CLIMATE REPORT
NATIONAL WEATHER SERVICE JACKSON MS
537 AM CDT SUN MAY 27 2018


...................................

...THE GREENWOOD CLIMATE SUMMARY FOR MAY 26 2018...

CLIMATE NORMAL PERIOD 1981 TO 2010
CLIMATE RECORD PERIOD 1948 TO 2018


WEATHER ITEM   OBSERVED TIME   RECORD YEAR NORMAL DEPARTURE LAST
                VALUE   (LST)  VALUE       VALUE  FROM      YEAR
                                                  NORMAL
..................................................................
TEMPERATURE (F)
 YESTERDAY
  MAXIMUM         80    258 PM  96    1953  85     -5       88
  MINIMUM         69    245 AM  48    1988  64      5       62
  AVERAGE         75                        75      0       75

PRECIPITATION (IN)
  YESTERDAY        0.39          1.18 1974   0.15   0.24     0.00
  MONTH TO DATE    5.13                      4.23   0.90     2.91
  SINCE MAR 1     16.47                     13.67   2.80    12.84
  SINCE JAN 1     33.07                     22.61  10.46    21.12

SNOWFALL (IN)
  YESTERDAY        0.0

DEGREE DAYS
 HEATING
  YESTERDAY        0                         0      0        0
  MONTH TO DATE    0                        15    -15       22
  SINCE MAR 1    447                       455     -8      297
  SINCE JUL 1   2501                      2686   -185     1780

 COOLING
  YESTERDAY       10                        10      0       10
  MONTH TO DATE  301                       176    125      156
  SINCE MAR 1    347                       273     74      356
  SINCE JAN 1    386                       278    108      390
..................................................................


WIND (MPH)
  HIGHEST WIND SPEED    12   HIGHEST WIND DIRECTION     E (110)
  HIGHEST GUST SPEED    13   HIGHEST GUST DIRECTION    SE (140)
  AVERAGE WIND SPEED     3.5


SKY COVER
  POSSIBLE SUNSHINE  MM
  AVERAGE SKY COVER 0.4


WEATHER CONDITIONS
 THE FOLLOWING WEATHER WAS RECORDED YESTERDAY.
  THUNDERSTORM
  HEAVY RAIN
  RAIN
  LIGHT RAIN
  FOG


RELATIVE HUMIDITY (PERCENT)
 HIGHEST    97           100 AM
 LOWEST     69           300 PM
 AVERAGE    83

..........................................................


THE GREENWOOD CLIMATE NORMALS FOR TODAY
                         NORMAL    RECORD    YEAR
 MAXIMUM TEMPERATURE (F)   86        98      1953
 MINIMUM TEMPERATURE (F)   64        46      1961


SUNRISE AND SUNSET
MAY 27 2018...........SUNRISE   553 AM CDT   SUNSET   802 PM CDT
MAY 28 2018...........SUNRISE   553 AM CDT   SUNSET   803 PM CDT


-  INDICATES NEGATIVE NUMBERS.
R  INDICATES RECORD WAS SET OR TIED.
MM INDICATES DATA IS MISSING.
T  INDICATES TRACE AMOUNT.




$$
