000
CDUS46 KPQR 262325
CLIHIO


CLIMATE REPORT
NATIONAL WEATHER SERVICE PORTLAND OREGON
424 PM PDT THU APR 26 2018


...................................

...THE HILLSBORO OR CLIMATE SUMMARY FOR APRIL 26 2018...
VALID TODAY AS OF 0400 PM LOCAL TIME.

CLIMATE NORMAL PERIOD 1981 TO 2010
CLIMATE RECORD PERIOD 1929 TO 2018


WEATHER ITEM   OBSERVED TIME   RECORD YEAR NORMAL DEPARTURE LAST
                VALUE   (LST)  VALUE       VALUE  FROM      YEAR
                                                  NORMAL
..................................................................
TEMPERATURE (F)
 TODAY
  MAXIMUM         84    246 PM  87    2004  63     21       60
  MINIMUM         47    546 AM  29    1943  40      7       40
  AVERAGE         66                        52     14       50

PRECIPITATION (IN)
  TODAY            0.00                      0.09  -0.09     0.05
  MONTH TO DATE    2.88                      2.68   0.20     3.48
  SINCE OCT 1     25.29                     33.27  -7.98    44.29
  SINCE JAN 1     12.99                     16.88  -3.89    24.61

DEGREE DAYS
 HEATING
  TODAY            0                                        15
  MONTH TO DATE  348                                       402
  SINCE MAR 1    972                                       954
  SINCE JUL 1   4198                                      4483

 COOLING
  TODAY            1                                         0
  MONTH TO DATE    3                                         0
  SINCE MAR 1      3                                         0
  SINCE JAN 1      3                                         0
..................................................................


WIND (MPH)
  HIGHEST WIND SPEED     8   HIGHEST WIND DIRECTION     E (90)
  HIGHEST GUST SPEED    11   HIGHEST GUST DIRECTION     E (70)
  AVERAGE WIND SPEED     2.2


SKY COVER
  POSSIBLE SUNSHINE  MM
  AVERAGE SKY COVER 0.0


WEATHER CONDITIONS
 THE FOLLOWING WEATHER WAS RECORDED TODAY.
  NO SIGNIFICANT WEATHER WAS OBSERVED.


RELATIVE HUMIDITY (PERCENT)
 HIGHEST    86           200 AM
 LOWEST     31           200 PM
 AVERAGE    59

..........................................................


THE HILLSBORO OR CLIMATE NORMALS FOR TOMORROW
                         NORMAL    RECORD    YEAR
 MAXIMUM TEMPERATURE (F)   63        86      1987
 MINIMUM TEMPERATURE (F)   41        28      1948


SUNRISE AND SUNSET
APRIL 26 2018.........SUNRISE   607 AM PDT   SUNSET   813 PM PDT
APRIL 27 2018.........SUNRISE   606 AM PDT   SUNSET   814 PM PDT


-  INDICATES NEGATIVE NUMBERS.
R  INDICATES RECORD WAS SET OR TIED.
MM INDICATES DATA IS MISSING.
T  INDICATES TRACE AMOUNT.




$$
