000
CDUS43 KGLD 260136
CLIHLC

CLIMATE REPORT
NATIONAL WEATHER SERVICE GOODLAND
731 PM MDT WED APR 25 2018
...................................

...THE HILL CITY KS CLIMATE SUMMARY FOR APRIL 25 2018...
VALID TODAY AS OF 0600 PM LOCAL TIME.

CLIMATE NORMAL PERIOD 1981 TO 2010
CLIMATE RECORD PERIOD 1896 TO 2018

WEATHER ITEM   OBSERVED TIME   RECORD YEAR NORMAL DEPARTURE LAST
                VALUE   (LST)  VALUE       VALUE  FROM      YEAR
                                                  NORMAL
..................................................................
TEMPERATURE (F)
 TODAY
  MAXIMUM         61    434 PM  92    1954  69     -8       62
  MINIMUM         39    640 AM  20    1907  41     -2       40
  AVERAGE         50                        55     -5       51

PRECIPITATION (IN)
  TODAY            T                         0.09  -0.09     0.00
  MONTH TO DATE    0.57                      1.70  -1.13     1.11
  SINCE MAR 1      0.98                      3.33  -2.35     3.21
  SINCE JAN 1      1.80                      4.30  -2.50     4.28

..................................................................

THE HILL CITY KS CLIMATE NORMALS FOR TOMORROW
                         NORMAL    RECORD    YEAR
 MAXIMUM TEMPERATURE (F)   69        93      1955
 MINIMUM TEMPERATURE (F)   42        19      1907

-  INDICATES NEGATIVE NUMBERS.
R  INDICATES RECORD WAS SET OR TIED.
MM INDICATES DATA IS MISSING.
T  INDICATES TRACE AMOUNT.

$$
