000
CDUS41 KPBZ 230702
CLIHLG


CLIMATE REPORT
NATIONAL WEATHER SERVICE PITTSBURGH PA
301 AM EDT MON APR 23 2018


...................................

...THE WHEELING CLIMATE SUMMARY FOR APRIL 22 2018...

CLIMATE NORMAL PERIOD 1981 TO 2010
CLIMATE RECORD PERIOD 1878 TO 2018


WEATHER ITEM   OBSERVED TIME   RECORD YEAR NORMAL DEPARTURE LAST
                VALUE   (LST)  VALUE       VALUE  FROM      YEAR
                                                  NORMAL
..................................................................
TEMPERATURE (F)
 YESTERDAY
  MAXIMUM         67    528 PM  84    1952  64      3       53
                                      1946
                                      1920
  MINIMUM         44    614 AM  24    1946  44      0       42
                                      1904
  AVERAGE         56                        54      2       48

PRECIPITATION (IN)
  YESTERDAY        0.00          0.82 1931   0.09  -0.09     0.07
  MONTH TO DATE    4.41                      2.17   2.24     2.21
  SINCE JAN 1     16.65                     10.06   6.59    11.44

DEGREE DAYS
 HEATING
  YESTERDAY        9                        12     -3       17
  MONTH TO DATE  446                       335    111      215
  SINCE MAR 1   1359                      1108    251      964
  SINCE JUL 1   5339                      5275     64     4320

 COOLING
  YESTERDAY        0                                         0
  MONTH TO DATE   14                                        13
  SINCE MAR 1     14                                        16
  SINCE JAN 1     19                                        18
..................................................................


WIND (MPH)
  HIGHEST WIND SPEED    14   HIGHEST WIND DIRECTION     E (100)
  HIGHEST GUST SPEED    20   HIGHEST GUST DIRECTION    NE (30)
  AVERAGE WIND SPEED     8.8


SKY COVER
  POSSIBLE SUNSHINE  MM
  AVERAGE SKY COVER 0.1


WEATHER CONDITIONS
 THE FOLLOWING WEATHER WAS RECORDED YESTERDAY.
  NO SIGNIFICANT WEATHER WAS OBSERVED.


RELATIVE HUMIDITY (PERCENT)
 HIGHEST    53           400 AM
 LOWEST     24           400 PM
 AVERAGE    39

..........................................................


THE WHEELING CLIMATE NORMALS FOR TODAY
                         NORMAL    RECORD    YEAR
 MAXIMUM TEMPERATURE (F)   64        83      1947
                                             1946
 MINIMUM TEMPERATURE (F)   44        21      1945


SUNRISE AND SUNSET
APRIL 23 2018.........SUNRISE   633 AM EDT   SUNSET   810 PM EDT
APRIL 24 2018.........SUNRISE   632 AM EDT   SUNSET   811 PM EDT


-  INDICATES NEGATIVE NUMBERS.
R  INDICATES RECORD WAS SET OR TIED.
MM INDICATES DATA IS MISSING.
T  INDICATES TRACE AMOUNT.




$$
