000
CDUS44 KBRO 212126
CLIHRL


CLIMATE REPORT
NATIONAL WEATHER SERVICE BROWNSVILLE TX
426 PM CDT SAT APR 21 2018


...................................

...THE HARLINGEN CLIMATE SUMMARY FOR APRIL 21 2018...
VALID TODAY AS OF 0400 PM LOCAL TIME.

CLIMATE NORMAL PERIOD 1981 TO 2010
CLIMATE RECORD PERIOD 1912 TO 2018


WEATHER ITEM   OBSERVED TIME   RECORD YEAR NORMAL DEPARTURE LAST
                VALUE   (LST)  VALUE       VALUE  FROM      YEAR
                                                  NORMAL
..................................................................
TEMPERATURE (F)
 TODAY
  MAXIMUM         85    243 PM 102    1928  87     -2       91
  MINIMUM         67    206 AM  53    1980  66      1       67
  AVERAGE         76                        76      0       79

PRECIPITATION (IN)
  TODAY            T             2.42 1966   0.04  -0.04     0.00
  MONTH TO DATE    0.33                      1.20  -0.87     0.87
  SINCE MAR 1      0.46                      2.49  -2.03     3.09
  SINCE JAN 1      3.11                      4.96  -1.85     4.40

SNOWFALL (IN)
  TODAY            0.0
  MONTH TO DATE    0.0
  SINCE MAR 1      0.0
  SINCE JUL 1      1.0
  SNOW DEPTH       0

DEGREE DAYS
 HEATING
  TODAY            0                         0      0        0
  MONTH TO DATE    3                         7     -4        0
  SINCE MAR 1      4                        53    -49        4
  SINCE JUL 1    644                       621     23      234

 COOLING
  TODAY           11                        12     -1       14
  MONTH TO DATE  186                       207    -21      247
  SINCE MAR 1    453                       377     76      537
  SINCE JAN 1    659                       502    157      904
..................................................................


WIND (MPH)
  HIGHEST WIND SPEED    25   HIGHEST WIND DIRECTION    SE (140)
  HIGHEST GUST SPEED    35   HIGHEST GUST DIRECTION     S (160)
  AVERAGE WIND SPEED    15.6



WEATHER CONDITIONS
 THE FOLLOWING WEATHER WAS RECORDED TODAY.
  LIGHT RAIN


RELATIVE HUMIDITY (PERCENT)
 HIGHEST    93
 LOWEST     65
 AVERAGE    79

..........................................................


THE HARLINGEN CLIMATE NORMALS FOR TOMORROW
                         NORMAL    RECORD    YEAR
 MAXIMUM TEMPERATURE (F)   87        97      1920
 MINIMUM TEMPERATURE (F)   67        50      1931


SUNRISE AND SUNSET
APRIL 21 2018.........SUNRISE   702 AM CDT   SUNSET   757 PM CDT
APRIL 22 2018.........SUNRISE   701 AM CDT   SUNSET   758 PM CDT


-  INDICATES NEGATIVE NUMBERS.
R  INDICATES RECORD WAS SET OR TIED.
MM INDICATES DATA IS MISSING.
T  INDICATES TRACE AMOUNT.




$$
