000
CDUS45 KVEF 260827
CLIIGM


CLIMATE REPORT
NATIONAL WEATHER SERVICE LAS VEGAS, NV
127 AM PDT THU APR 26 2018


...................................

...THE KINGMAN AZ CLIMATE SUMMARY FOR APRIL 25 2018...

CLIMATE NORMAL PERIOD 1981 TO 2010
CLIMATE RECORD PERIOD 1901 TO 2018


WEATHER ITEM   OBSERVED TIME   RECORD YEAR NORMAL DEPARTURE LAST
                VALUE   (LST)  VALUE       VALUE  FROM      YEAR
                                                  NORMAL
..................................................................
TEMPERATURE (F)
 YESTERDAY
  MAXIMUM         92    248 PM  93    1997  77     15       74
  MINIMUM         52    554 AM  29    1932  47      5       44
  AVERAGE         72                        62     10       59

PRECIPITATION (IN)
  YESTERDAY        0.00          0.15 1931   0.01  -0.01     0.00
  MONTH TO DATE    T                         0.37  -0.37     0.00
  SINCE OCT 1      1.31                      5.39  -4.08     6.26
  SINCE JAN 1      1.31                      3.29  -1.98     2.70

DEGREE DAYS
 HEATING
  YESTERDAY        0                         5     -5        6
  MONTH TO DATE   84                       194   -110      135
  SINCE MAR 1    460                       612   -152      376
  SINCE JUL 1   2238                      3025   -787     2373

 COOLING
  YESTERDAY        7                         2      5        0
  MONTH TO DATE   52                        19     33        7
  SINCE MAR 1     53                        22     31       13
  SINCE JAN 1     53                        22     31       13
..................................................................


WIND (MPH)
  RESULTANT WIND SPEED   1   RESULTANT WIND DIRECTION  SW (240)
  HIGHEST WIND SPEED    21   HIGHEST WIND DIRECTION     W (260)
  HIGHEST GUST SPEED    29   HIGHEST GUST DIRECTION     W (270)
  AVERAGE WIND SPEED     6.6


SKY COVER
  POSSIBLE SUNSHINE  MM
  AVERAGE SKY COVER 0.0


WEATHER CONDITIONS
 THE FOLLOWING WEATHER WAS RECORDED YESTERDAY.
  NO SIGNIFICANT WEATHER WAS OBSERVED.


RELATIVE HUMIDITY (PERCENT)
 HIGHEST    28           600 AM
 LOWEST      9           100 PM
 AVERAGE    19

..........................................................


THE KINGMAN AZ CLIMATE NORMALS FOR TODAY
                         NORMAL    RECORD    YEAR
 MAXIMUM TEMPERATURE (F)   77        94      1927
 MINIMUM TEMPERATURE (F)   47        30      1984


SUNRISE AND SUNSET
APRIL 26 2018.........SUNRISE   550 AM MST   SUNSET   718 PM MST
APRIL 27 2018.........SUNRISE   549 AM MST   SUNSET   719 PM MST


-  INDICATES NEGATIVE NUMBERS.
R  INDICATES RECORD WAS SET OR TIED.
MM INDICATES DATA IS MISSING.
T  INDICATES TRACE AMOUNT.




$$
