000
CDUS43 KILX 250630
CLIILX


CLIMATE REPORT
NATIONAL WEATHER SERVICE LINCOLN IL
129 AM CDT FRI MAY 25 2018


...................................

...THE LINCOLN IL CLIMATE SUMMARY FOR MAY 24 2018...

CLIMATE NORMAL PERIOD 1981 TO 2010
CLIMATE RECORD PERIOD 1905 TO 2018


WEATHER ITEM   OBSERVED TIME   RECORD YEAR NORMAL DEPARTURE LAST
                VALUE   (LST)  VALUE       VALUE  FROM      YEAR
                                                  NORMAL
..................................................................
TEMPERATURE (F)
 YESTERDAY
  MAXIMUM         88        MM  95    1939  77     11       68
  MINIMUM         60        MM  35    1913  55      5       52
  AVERAGE         74                        66      8       60

PRECIPITATION (IN)
  YESTERDAY        0.00          1.91 1995   0.14  -0.14     0.00
  MONTH TO DATE    0.99                      3.21  -2.22     3.28
  SINCE MAR 1      7.77                      9.42  -1.65    13.29
  SINCE JAN 1     13.29                     13.17   0.12    15.94

SNOWFALL (IN)
  YESTERDAY        0.0           T    2004   0.0    0.0      0.0
  MONTH TO DATE    0.0                       0.0    0.0      0.0
  SINCE MAR 1      7.4                       2.0    5.4      3.7
  SINCE JUL 1     17.3                      20.5   -3.2     10.9
  SNOW DEPTH       0

DEGREE DAYS
 HEATING
  YESTERDAY        0                         3     -3        5
  MONTH TO DATE    4                       121   -117      150
  SINCE MAR 1   1449                      1253    196     1103
  SINCE JUL 1   5849                      5676    173     4711

 COOLING
  YESTERDAY        9                         3      6        0
  MONTH TO DATE  121                        46     75       53
  SINCE MAR 1    125                        61     64       67
  SINCE JAN 1    125                        61     64       67
..................................................................


WIND (MPH)
  HIGHEST WIND SPEED    MM   HIGHEST WIND DIRECTION    MM
  HIGHEST GUST SPEED    MM   HIGHEST GUST DIRECTION    MM
  AVERAGE WIND SPEED    MM


SKY COVER
  POSSIBLE SUNSHINE  MM


WEATHER CONDITIONS
 THE FOLLOWING WEATHER WAS RECORDED YESTERDAY.
  NO SIGNIFICANT WEATHER WAS OBSERVED.


..........................................................


THE LINCOLN IL CLIMATE NORMALS FOR TODAY
                         NORMAL    RECORD    YEAR
 MAXIMUM TEMPERATURE (F)   77        93      1921
 MINIMUM TEMPERATURE (F)   55        28      1925


SUNRISE AND SUNSET
MAY 25 2018...........SUNRISE   534 AM CDT   SUNSET   815 PM CDT
MAY 26 2018...........SUNRISE   533 AM CDT   SUNSET   816 PM CDT


-  INDICATES NEGATIVE NUMBERS.
R  INDICATES RECORD WAS SET OR TIED.
MM INDICATES DATA IS MISSING.
T  INDICATES TRACE AMOUNT.




$$
