000
CDUS44 KJAN 250910
CLIJAN


CLIMATE REPORT
NATIONAL WEATHER SERVICE JACKSON MS
406 AM CDT WED APR 25 2018


...................................

...THE JACKSON CLIMATE SUMMARY FOR APRIL 24 2018...

CLIMATE NORMAL PERIOD 1981 TO 2010
CLIMATE RECORD PERIOD 1896 TO 2018


WEATHER ITEM   OBSERVED TIME   RECORD YEAR NORMAL DEPARTURE LAST
                VALUE   (LST)  VALUE       VALUE  FROM      YEAR
                                                  NORMAL
..................................................................
TEMPERATURE (F)
 YESTERDAY
  MAXIMUM         71   1208 PM  93    1925  78     -7       77
  MINIMUM         51   1156 PM  39    1910  55     -4       49
  AVERAGE         61                        66     -5       63

PRECIPITATION (IN)
  YESTERDAY        0.00          3.24 2003   0.15  -0.15     0.00
  MONTH TO DATE    8.58                      4.12   4.46     8.83
  SINCE MAR 1     17.77                      9.16   8.61    13.35
  SINCE JAN 1     31.38                     18.89  12.49    23.56

SNOWFALL (IN)
  YESTERDAY        0.0           0.0    MM   0.0    0.0      0.0
  MONTH TO DATE    0.0                       0.0    0.0      0.0
  SINCE MAR 1      0.0                       0.1   -0.1      0.0
  SINCE JUL 1      5.9                       0.8    5.1      0.8

DEGREE DAYS
 HEATING
  YESTERDAY        4                         2      2        2
  MONTH TO DATE  144                        98     46       33
  SINCE MAR 1    372                       376     -4      197
  SINCE JUL 1   2042                      2368   -326     1315

 COOLING
  YESTERDAY        0                         3     -3        0
  MONTH TO DATE   22                        57    -35      102
  SINCE MAR 1     62                        84    -22      187
  SINCE JAN 1    127                        94     33      245
..................................................................


WIND (MPH)
  HIGHEST WIND SPEED    15   HIGHEST WIND DIRECTION     N (340)
  HIGHEST GUST SPEED    19   HIGHEST GUST DIRECTION     N (350)
  AVERAGE WIND SPEED     6.0


SKY COVER
  POSSIBLE SUNSHINE  MM
  AVERAGE SKY COVER 0.7


WEATHER CONDITIONS
 THE FOLLOWING WEATHER WAS RECORDED YESTERDAY.
  FOG


RELATIVE HUMIDITY (PERCENT)
 HIGHEST    93           100 AM
 LOWEST     59          1200 PM
 AVERAGE    76

..........................................................


THE JACKSON CLIMATE NORMALS FOR TODAY
                         NORMAL    RECORD    YEAR
 MAXIMUM TEMPERATURE (F)   78        90      1925
 MINIMUM TEMPERATURE (F)   55        31      1910


SUNRISE AND SUNSET
APRIL 25 2018.........SUNRISE   620 AM CDT   SUNSET   737 PM CDT
APRIL 26 2018.........SUNRISE   619 AM CDT   SUNSET   738 PM CDT


-  INDICATES NEGATIVE NUMBERS.
R  INDICATES RECORD WAS SET OR TIED.
MM INDICATES DATA IS MISSING.
T  INDICATES TRACE AMOUNT.

&&

AT 3 AM:

THE PEARL RIVER STAGE AT JACKSON WAS 24.4 FEET. THE RIVER ROSE 1.6
FEET OVER THE PAST 24 HOURS.

THE MISSISSIPPI RIVER STAGE AT VICKSBURG WAS 42.9 FEET. THE RIVER
FELL ONE TENTH OF A FOOT OVER THE PAST 24 HOURS.

$$
