000
CDUS44 KMEG 220637
CLIJBR


CLIMATE REPORT
NATIONAL WEATHER SERVICE MEMPHIS TN
136 AM CDT SUN APR 22 2018


...................................

...THE JONESBORO CLIMATE SUMMARY FOR APRIL 21 2018...

CLIMATE NORMAL PERIOD 1981 TO 2010
CLIMATE RECORD PERIOD 1897 TO 2018


WEATHER ITEM   OBSERVED TIME   RECORD YEAR NORMAL DEPARTURE LAST
                VALUE   (LST)  VALUE       VALUE  FROM      YEAR
                                                  NORMAL
..................................................................
TEMPERATURE (F)
 YESTERDAY
  MAXIMUM         75    230 PM  93    1987  72      3       67
  MINIMUM         45    421 AM  35    1978  51     -6       51
  AVERAGE         60                        62     -2       59

PRECIPITATION (IN)
  YESTERDAY        0.02          2.50 1972   0.17  -0.15     0.24
  MONTH TO DATE    2.63                      3.36  -0.73     1.34
  SINCE MAR 1      6.50                      7.86  -1.36     7.61
  SINCE JAN 1     23.15                     15.01   8.14    13.22

DEGREE DAYS
 HEATING
  YESTERDAY        5                         5      0        6
  MONTH TO DATE  291                       163    128       64
  SINCE MAR 1    689                       627     62      428
  SINCE JUL 1   3472                      3583   -111     2561

 COOLING
  YESTERDAY        0                         2     -2        0
  MONTH TO DATE    9                        23    -14       49
  SINCE MAR 1     11                        29    -18       55
  SINCE JAN 1     16                        29    -13       59
..................................................................


WIND (MPH)
  HIGHEST WIND SPEED    21   HIGHEST WIND DIRECTION    SE (130)
  HIGHEST GUST SPEED    26   HIGHEST GUST DIRECTION    SE (150)
  AVERAGE WIND SPEED     8.6


SKY COVER
  POSSIBLE SUNSHINE  MM
  AVERAGE SKY COVER 0.2


WEATHER CONDITIONS
 THE FOLLOWING WEATHER WAS RECORDED YESTERDAY.
  LIGHT RAIN


RELATIVE HUMIDITY (PERCENT)
 HIGHEST    78          1100 PM
 LOWEST     33           300 PM
 AVERAGE    56

..........................................................


THE JONESBORO CLIMATE NORMALS FOR TODAY
                         NORMAL    RECORD    YEAR
 MAXIMUM TEMPERATURE (F)   72        89      1965
                                             1955
 MINIMUM TEMPERATURE (F)   51        32      1927


SUNRISE AND SUNSET
APRIL 22 2018.........SUNRISE   621 AM CDT   SUNSET   742 PM CDT
APRIL 23 2018.........SUNRISE   620 AM CDT   SUNSET   743 PM CDT


-  INDICATES NEGATIVE NUMBERS.
R  INDICATES RECORD WAS SET OR TIED.
MM INDICATES DATA IS MISSING.
T  INDICATES TRACE AMOUNT.




$$
