000
CDUS45 KBOI 210931
CLIJER


CLIMATE REPORT
NATIONAL WEATHER SERVICE BOISE ID
331 AM MDT SAT APR 21 2018


...................................

...THE JEROME ID CLIMATE SUMMARY FOR APRIL 20 2018...

CLIMATE NORMAL PERIOD 1981 TO 2010
CLIMATE RECORD PERIOD 1915 TO 2018


WEATHER ITEM   OBSERVED TIME   RECORD YEAR NORMAL DEPARTURE LAST
                VALUE   (LST)  VALUE       VALUE  FROM      YEAR
                                                  NORMAL
..................................................................
TEMPERATURE (F)
 YESTERDAY
  MAXIMUM         67    520 PM  89    1962  59      8       56
  MINIMUM         36    624 AM  20    1966  36      0       37
                                      1927
  AVERAGE         52                        48      4       47

PRECIPITATION (IN)
  YESTERDAY        0.00          1.45 1923   0.05  -0.05      T
  MONTH TO DATE    0.57                      0.88  -0.31     0.74
  SINCE OCT 1      5.83                      7.42  -1.59     9.28
  SINCE JAN 1      3.28                      3.90  -0.62     4.76

DEGREE DAYS
 HEATING
  YESTERDAY       13                        17     -4       18
  MONTH TO DATE  355                       386    -31      388
  SINCE MAR 1   1122                      1155    -33     1014
  SINCE JUL 1   5543                      6042   -499     5437

 COOLING
  YESTERDAY        0                         0      0        0
  MONTH TO DATE    0                         0      0        0
  SINCE MAR 1      0                         0      0        0
  SINCE JAN 1      0                         0      0        0
..................................................................


WIND (MPH)
  HIGHEST WIND SPEED    22   HIGHEST WIND DIRECTION    SW (240)
  HIGHEST GUST SPEED    26   HIGHEST GUST DIRECTION    SW (240)
  AVERAGE WIND SPEED    12.1


SKY COVER
  AVERAGE SKY COVER 0.0


WEATHER CONDITIONS
 THE FOLLOWING WEATHER WAS RECORDED YESTERDAY.
  NO SIGNIFICANT WEATHER WAS OBSERVED.


RELATIVE HUMIDITY (PERCENT)
 HIGHEST    75           600 AM
 LOWEST     26           400 PM
 AVERAGE    51

..........................................................


THE JEROME ID CLIMATE NORMALS FOR TODAY
                         NORMAL    RECORD    YEAR
 MAXIMUM TEMPERATURE (F)   60        89      1994
 MINIMUM TEMPERATURE (F)   36        18      2008


SUNRISE AND SUNSET
APRIL 21 2018.........SUNRISE   647 AM MDT   SUNSET   827 PM MDT
APRIL 22 2018.........SUNRISE   645 AM MDT   SUNSET   828 PM MDT


-  INDICATES NEGATIVE NUMBERS.
R  INDICATES RECORD WAS SET OR TIED.
MM INDICATES DATA IS MISSING.
T  INDICATES TRACE AMOUNT.




$$
