000
CDUS41 KCTP 220619
CLIJST


CLIMATE REPORT
NATIONAL WEATHER SERVICE STATE COLLEGE PA
219 AM EDT SUN APR 22 2018


...................................

...THE JOHNSTOWN CLIMATE SUMMARY FOR APRIL 21 2018...

CLIMATE NORMAL PERIOD 1981 TO 2010
CLIMATE RECORD PERIOD 1892 TO 2018


WEATHER ITEM   OBSERVED TIME   RECORD YEAR NORMAL DEPARTURE LAST
                VALUE   (LST)  VALUE       VALUE  FROM      YEAR
                                                  NORMAL
..................................................................
TEMPERATURE (F)
 YESTERDAY
  MAXIMUM         54    439 PM  90    1954  59     -5       67
  MINIMUM         30    545 AM  24    1897  40    -10       48
  AVERAGE         42                        49     -7       58

PRECIPITATION (IN)
  YESTERDAY        0.00          1.46 1964   0.10  -0.10     0.17
  MONTH TO DATE    2.99                      2.60   0.39     2.56
  SINCE MAR 1      6.17                      5.89   0.28     6.62
  SINCE JAN 1     16.12                     11.12   5.00    12.28

DEGREE DAYS
 HEATING
  YESTERDAY       23                        16      7        7
  MONTH TO DATE  526                       411    115      245
  SINCE MAR 1   1589                      1324    265     1175
  SINCE JUL 1   6024                      6207   -183     5095

 COOLING
  YESTERDAY        0                         0      0        0
  MONTH TO DATE   12                         0     12        0
  SINCE MAR 1     12                         0     12        0
  SINCE JAN 1     12                         0     12        0
..................................................................


WIND (MPH)
  HIGHEST WIND SPEED    10   HIGHEST WIND DIRECTION    NW (320)
  HIGHEST GUST SPEED    16   HIGHEST GUST DIRECTION     W (280)
  AVERAGE WIND SPEED     4.1


SKY COVER
  POSSIBLE SUNSHINE  MM
  AVERAGE SKY COVER 0.0


WEATHER CONDITIONS
 THE FOLLOWING WEATHER WAS RECORDED YESTERDAY.
  NO SIGNIFICANT WEATHER WAS OBSERVED.


RELATIVE HUMIDITY (PERCENT)
 HIGHEST    69           600 AM
 LOWEST     20           400 PM
 AVERAGE    45

..........................................................


THE JOHNSTOWN CLIMATE NORMALS FOR TODAY
                         NORMAL    RECORD    YEAR
 MAXIMUM TEMPERATURE (F)   59        91      1902
 MINIMUM TEMPERATURE (F)   40        23      1922


SUNRISE AND SUNSET
APRIL 22 2018.........SUNRISE   627 AM EDT   SUNSET   801 PM EDT
APRIL 23 2018.........SUNRISE   625 AM EDT   SUNSET   802 PM EDT


-  INDICATES NEGATIVE NUMBERS.
R  INDICATES RECORD WAS SET OR TIED.
MM INDICATES DATA IS MISSING.
T  INDICATES TRACE AMOUNT.




$$
