000
CDUS43 KGRR 202128
CLIJXN


CLIMATE REPORT
NATIONAL WEATHER SERVICE GRAND RAPIDS, MI
528 PM EDT SUN MAY 20 2018


...................................

...THE JACKSON MI CLIMATE SUMMARY FOR MAY 20 2018...
VALID TODAY AS OF 0500 PM LOCAL TIME.

CLIMATE NORMAL PERIOD 1981 TO 2010
CLIMATE RECORD PERIOD 1944 TO 9999


WEATHER ITEM   OBSERVED TIME   NORMAL DEPARTURE LAST
                VALUE   (LST)  VALUE  FROM      YEAR
                                      NORMAL
......................................................
TEMPERATURE (F)
 TODAY
  MAXIMUM         62    140 PM  70     -8       65
  MINIMUM         56    819 AM  47      9       46
  AVERAGE         59            59      0       56

PRECIPITATION (IN)
  TODAY            0.00          0.11  -0.11     0.71
  MONTH TO DATE    5.89          2.08   3.81     2.41
  SINCE MAR 1     10.84          6.59   4.25    11.23
  SINCE JAN 1     15.90          9.37   6.53    16.17

DEGREE DAYS
 HEATING
  TODAY            6             7     -1        9
  MONTH TO DATE   80           194   -114      221
  SINCE MAR 1   1775          1626    149     1491
  SINCE JUL 1   6479          6540    -61     5499

 COOLING
  TODAY            0             1     -1        0
  MONTH TO DATE   22            13      9       25
  SINCE MAR 1     22            19      3       32
  SINCE JAN 1     22            19      3       32
......................................................


WIND (MPH)
  RESULTANT WIND SPEED   3   RESULTANT WIND DIRECTION  NW (330)
  HIGHEST WIND SPEED    10   HIGHEST WIND DIRECTION    NW (330)
  HIGHEST GUST SPEED    14   HIGHEST GUST DIRECTION     N (350)
  AVERAGE WIND SPEED     4.7


SKY COVER
  AVERAGE SKY COVER 1.0


WEATHER CONDITIONS
 THE FOLLOWING WEATHER WAS RECORDED TODAY.
  NO SIGNIFICANT WEATHER WAS OBSERVED.


RELATIVE HUMIDITY (PERCENT)
 HIGHEST    93           100 AM
 LOWEST     78          1100 AM
 AVERAGE    86

..........................................................


THE JACKSON MI CLIMATE NORMALS FOR TOMORROW
                         NORMAL
 MAXIMUM TEMPERATURE (F)   71
 MINIMUM TEMPERATURE (F)   48


SUNRISE AND SUNSET
MAY 20 2018...........SUNRISE   612 AM EDT   SUNSET   857 PM EDT
MAY 21 2018...........SUNRISE   611 AM EDT   SUNSET   858 PM EDT


-  INDICATES NEGATIVE NUMBERS.
R  INDICATES RECORD WAS SET OR TIED.
MM INDICATES DATA IS MISSING.
T  INDICATES TRACE AMOUNT.




$$
