000
CDUS43 KGRR 260531
CLILAN


CLIMATE REPORT
NATIONAL WEATHER SERVICE GRAND RAPIDS, MI
131 AM EDT THU APR 26 2018


...................................

...THE LANSING MI CLIMATE SUMMARY FOR APRIL 25 2018...

CLIMATE NORMAL PERIOD 1981 TO 2010
CLIMATE RECORD PERIOD 1864 TO 2018


WEATHER ITEM   OBSERVED TIME   RECORD YEAR NORMAL DEPARTURE LAST
                VALUE   (LST)  VALUE       VALUE  FROM      YEAR
                                                  NORMAL
..................................................................
TEMPERATURE (F)
 YESTERDAY
  MAXIMUM         59    441 PM  86    1915  62     -3       73
  MINIMUM         40   1143 PM  17    1909  40      0       52
  AVERAGE         50                        51     -1       63

PRECIPITATION (IN)
  YESTERDAY        T             1.83 1864   0.10  -0.10     0.00
  MONTH TO DATE    3.07                      2.53   0.54     3.73
  SINCE MAR 1      4.36                      4.59  -0.23     7.36
  SINCE JAN 1     10.97                      7.71   3.26    13.64

SNOWFALL (IN)
  YESTERDAY        0.0           4.3  1976   0.0    0.0      0.0
  MONTH TO DATE    2.7                       1.8    0.9      0.4
  SINCE MAR 1      8.0                       8.8   -0.8      2.6
  SINCE JUL 1     53.3                      51.0    2.3     30.2
  SNOW DEPTH       0

DEGREE DAYS
 HEATING
  YESTERDAY       15                        14      1        2
  MONTH TO DATE  649                       467    182      322
  SINCE MAR 1   1630                      1396    234     1247
  SINCE JUL 1   6408                      6331     77     5292

 COOLING
  YESTERDAY        0                         0      0        0
  MONTH TO DATE    0                         0      0        2
  SINCE MAR 1      0                         1     -1        2
  SINCE JAN 1      0                         1     -1        2
..................................................................


WIND (MPH)
  RESULTANT WIND SPEED  10   RESULTANT WIND DIRECTION   N (350)
  HIGHEST WIND SPEED    18   HIGHEST WIND DIRECTION     N (350)
  HIGHEST GUST SPEED    24   HIGHEST GUST DIRECTION     N (340)
  AVERAGE WIND SPEED     9.8


SKY COVER
  AVERAGE SKY COVER 0.4


WEATHER CONDITIONS
 THE FOLLOWING WEATHER WAS RECORDED YESTERDAY.
  LIGHT RAIN
  FOG


RELATIVE HUMIDITY (PERCENT)
 HIGHEST   100           200 AM
 LOWEST     37           300 PM
 AVERAGE    69

..........................................................


THE LANSING MI CLIMATE NORMALS FOR TODAY
                         NORMAL    RECORD    YEAR
 MAXIMUM TEMPERATURE (F)   62        88      1915
 MINIMUM TEMPERATURE (F)   41        22      1874


SUNRISE AND SUNSET
APRIL 26 2018.........SUNRISE   640 AM EDT   SUNSET   833 PM EDT
APRIL 27 2018.........SUNRISE   638 AM EDT   SUNSET   834 PM EDT


-  INDICATES NEGATIVE NUMBERS.
R  INDICATES RECORD WAS SET OR TIED.
MM INDICATES DATA IS MISSING.
T  INDICATES TRACE AMOUNT.




$$
