000
CDUS46 KLOX 210915
CLILAX


CLIMATE REPORT
NATIONAL WEATHER SERVICE LOS ANGELES/OXNARD CA
215 AM PDT MON MAY 21 2018


...................................

...THE LOS ANGELES INTL AIRPORT CA CLIMATE SUMMARY FOR MAY 20 2018...

CLIMATE NORMAL PERIOD 1981 TO 2010
CLIMATE RECORD PERIOD 1944 TO 2018


WEATHER ITEM   OBSERVED TIME   RECORD YEAR NORMAL DEPARTURE LAST
                VALUE   (LST)  VALUE       VALUE  FROM      YEAR
                                                  NORMAL
..................................................................
TEMPERATURE (F)
 YESTERDAY
  MAXIMUM         68    131 PM  87    2017  68      0       87
  MINIMUM         59   1135 PM  46    1948  58      1       62
  AVERAGE         64                        63      1       75

PRECIPITATION (IN)
  YESTERDAY        0.00          0.11 2002   0.01  -0.01     0.00
  MONTH TO DATE    0.06                      0.17  -0.11     0.13
  SINCE OCT 1      3.79                     12.40  -8.61    16.32
  SINCE JAN 1      3.68                      8.68  -5.00    12.07

SNOWFALL (IN)
  YESTERDAY        0.0
  MONTH TO DATE    0.0
  SINCE MAR 1      0.0
  SINCE JUL 1      0.0

DEGREE DAYS
 HEATING
  YESTERDAY        1                         2     -1        0
  MONTH TO DATE   44                        64    -20       56
  SINCE MAR 1    334                       443   -109      235
  SINCE JUL 1    783                      1372   -589     1008

 COOLING
  YESTERDAY        0                         0      0       10
  MONTH TO DATE    3                         4     -1       19
  SINCE MAR 1     22                        21      1       54
  SINCE JAN 1     53                        30     23       54
..................................................................


WIND (MPH)
  HIGHEST WIND SPEED    20   HIGHEST WIND DIRECTION     W (270)
  HIGHEST GUST SPEED    23   HIGHEST GUST DIRECTION     W (270)
  AVERAGE WIND SPEED     8.7


SKY COVER
  POSSIBLE SUNSHINE  MM
  AVERAGE SKY COVER 0.9


WEATHER CONDITIONS
 THE FOLLOWING WEATHER WAS RECORDED YESTERDAY.
  NO SIGNIFICANT WEATHER WAS OBSERVED.


RELATIVE HUMIDITY (PERCENT)
 HIGHEST    84           500 AM
 LOWEST     63           200 PM
 AVERAGE    74

..........................................................


THE LOS ANGELES INTL AIRPORT CA CLIMATE NORMALS FOR TODAY
                         NORMAL    RECORD    YEAR
 MAXIMUM TEMPERATURE (F)   68        78      2005
 MINIMUM TEMPERATURE (F)   58        46      1948


SUNRISE AND SUNSET
MAY 21 2018...........SUNRISE   548 AM PDT   SUNSET   752 PM PDT
MAY 22 2018...........SUNRISE   548 AM PDT   SUNSET   753 PM PDT


-  INDICATES NEGATIVE NUMBERS.
R  INDICATES RECORD WAS SET OR TIED.
MM INDICATES DATA IS MISSING.
T  INDICATES TRACE AMOUNT.




$$
