000
CDUS42 KILM 260845
CLILBT


CLIMATE REPORT
NATIONAL WEATHER SERVICE WILMINGTON NC
444 AM EDT THU APR 26 2018


...................................

...THE LUMBERTON NORTH CAROLINA CLIMATE SUMMARY FOR APRIL 25 2018...

CLIMATE NORMAL PERIOD 1981 TO 2010
CLIMATE RECORD PERIOD 1903 TO 2018


WEATHER ITEM   OBSERVED TIME   RECORD YEAR NORMAL DEPARTURE LAST
                VALUE   (LST)  VALUE       VALUE  FROM      YEAR
                                                  NORMAL
..................................................................
TEMPERATURE (F)
 YESTERDAY
  MAXIMUM         73    515 PM  94    1925  77     -4       70
  MINIMUM         55   1159 PM  32    2005  51      4       58
  AVERAGE         64                        64      0       64

PRECIPITATION (IN)
  YESTERDAY        T             3.65 1937   0.09  -0.09     0.19
  MONTH TO DATE    3.29                      2.44   0.85     6.07
  SINCE MAR 1      5.61                      5.77  -0.16     9.97
  SINCE JAN 1      8.62                     11.64  -3.02    13.46

SNOWFALL (IN)
  YESTERDAY       MM            MM      MM  MM
  MONTH TO DATE   MM                        MM
  SINCE MAR 1     MM                        MM
  SINCE JUL 1     MM                        MM
  SNOW DEPTH      MM

DEGREE DAYS
 HEATING
  YESTERDAY        1                         3     -2        1
  MONTH TO DATE  174                       138     36       53
  SINCE MAR 1    636                       484    152      418
  SINCE JUL 1   2724                      2714     10     2065

 COOLING
  YESTERDAY        0                         2     -2        0
  MONTH TO DATE   29                        42    -13       70
  SINCE MAR 1     34                        52    -18       97
  SINCE JAN 1     79                        55     24      107
..................................................................


WIND (MPH)
  RESULTANT WIND SPEED   6   RESULTANT WIND DIRECTION   W (260)
  HIGHEST WIND SPEED    20   HIGHEST WIND DIRECTION     W (280)
  HIGHEST GUST SPEED    25   HIGHEST GUST DIRECTION     W (280)
  AVERAGE WIND SPEED     7.7


SKY COVER
  POSSIBLE SUNSHINE  MM
  AVERAGE SKY COVER 0.4


WEATHER CONDITIONS
 THE FOLLOWING WEATHER WAS RECORDED YESTERDAY.
  NO SIGNIFICANT WEATHER WAS OBSERVED.


RELATIVE HUMIDITY (PERCENT)
 HIGHEST   100           500 AM
 LOWEST     57          1100 AM
 AVERAGE    79

..........................................................


THE LUMBERTON NORTH CAROLINA CLIMATE NORMALS FOR TODAY
                         NORMAL    RECORD    YEAR
 MAXIMUM TEMPERATURE (F)   77        94      1925
 MINIMUM TEMPERATURE (F)   51        34      1981
                                             1910


SUNRISE AND SUNSET
APRIL 26 2018.........SUNRISE   632 AM EDT   SUNSET   757 PM EDT
APRIL 27 2018.........SUNRISE   630 AM EDT   SUNSET   758 PM EDT


-  INDICATES NEGATIVE NUMBERS.
R  INDICATES RECORD WAS SET OR TIED.
MM INDICATES DATA IS MISSING.
T  INDICATES TRACE AMOUNT.




$$
