726
CDUS44 KLCH 221245
CLILFT


CLIMATE REPORT
NATIONAL WEATHER SERVICE LAKE CHARLES, LA
745 AM CDT TUE MAY 22 2018


...................................

...THE LAFAYETTE CLIMATE SUMMARY FOR MAY 21 2018...

CLIMATE NORMAL PERIOD 1981 TO 2010
CLIMATE RECORD PERIOD 1893 TO 2018


WEATHER ITEM   OBSERVED TIME   RECORD YEAR NORMAL DEPARTURE LAST
                VALUE   (LST)  VALUE       VALUE  FROM      YEAR
                                                  NORMAL
..................................................................
TEMPERATURE (F)
 YESTERDAY
  MAXIMUM         94    246 PM  96    2005  87      7       88
                                      1899
  MINIMUM         71    545 AM  50    1954  68      3       70
  AVERAGE         83                        78      5       79

PRECIPITATION (IN)
  YESTERDAY        0.00          3.28 1983   0.15  -0.15     0.04
  MONTH TO DATE    T                         3.07  -3.07     6.49
  SINCE MAR 1      3.11                     10.79  -7.68    13.80
  SINCE JAN 1      9.84                     20.91 -11.07    17.32

DEGREE DAYS
 COOLING
  YESTERDAY       18                        13      5       14
  MONTH TO DATE  301                       222     79      185
  SINCE MAR 1    462                       444     18      631
  SINCE JAN 1    582                       476    106      815
..................................................................


WIND (MPH)
  HIGHEST WIND SPEED    14   HIGHEST WIND DIRECTION    SW (210)
  HIGHEST GUST SPEED    17   HIGHEST GUST DIRECTION     S (180)
  AVERAGE WIND SPEED     3.3


SKY COVER
  POSSIBLE SUNSHINE  MM
  AVERAGE SKY COVER 0.3


WEATHER CONDITIONS
 THE FOLLOWING WEATHER WAS RECORDED YESTERDAY.
  THUNDERSTORM


RELATIVE HUMIDITY (PERCENT)
 HIGHEST   100          1200 AM
 LOWEST     39           300 PM
 AVERAGE    70

..........................................................


THE LAFAYETTE CLIMATE NORMALS FOR TODAY
                         NORMAL    RECORD    YEAR
 MAXIMUM TEMPERATURE (F)   88        97      2005
 MINIMUM TEMPERATURE (F)   68        50      1954
                                             1919


SUNRISE AND SUNSET
MAY 22 2018...........SUNRISE   610 AM CDT   SUNSET   759 PM CDT
MAY 23 2018...........SUNRISE   610 AM CDT   SUNSET   800 PM CDT


-  INDICATES NEGATIVE NUMBERS.
R  INDICATES RECORD WAS SET OR TIED.
MM INDICATES DATA IS MISSING.
T  INDICATES TRACE AMOUNT.




$$
