075
CDUS46 KLOX 200902
CLILGB


CLIMATE REPORT
NATIONAL WEATHER SERVICE LOS ANGELES/OXNARD CA
202 AM PDT SUN MAY 20 2018


...................................

...THE LONG BEACH AIRPORT CA CLIMATE SUMMARY FOR MAY 19 2018...

CLIMATE NORMAL PERIOD 1981 TO 2010
CLIMATE RECORD PERIOD 1958 TO 2018


WEATHER ITEM   OBSERVED TIME   RECORD YEAR NORMAL DEPARTURE LAST
                VALUE   (LST)  VALUE       VALUE  FROM      YEAR
                                                  NORMAL
..................................................................
TEMPERATURE (F)
 YESTERDAY
  MAXIMUM         68    142 PM  89    2008  74     -6       87
  MINIMUM         61    815 AM  49    1974  58      3       59
  AVERAGE         65                        66     -1       73

PRECIPITATION (IN)
  YESTERDAY        0.00          T    2002   0.00   0.00     0.00
                                      1980
                                      1973
  MONTH TO DATE    0.01                      0.15  -0.14     0.40
  SINCE OCT 1      3.53                     11.89  -8.36    19.98
  SINCE JAN 1      3.46                      8.31  -4.85    14.78

SNOWFALL (IN)
  YESTERDAY        0.0
  MONTH TO DATE    0.0
  SINCE MAR 1      0.0
  SINCE JUL 1      0.0

DEGREE DAYS
 HEATING
  YESTERDAY        0                         1     -1        0
  MONTH TO DATE   23                        28     -5       34
  SINCE MAR 1    186                       313   -127      133
  SINCE JUL 1    610                      1204   -594      911

 COOLING
  YESTERDAY        0                         2     -2        8
  MONTH TO DATE   29                        38     -9       33
  SINCE MAR 1     76                        77     -1      123
  SINCE JAN 1    116                        85     31      124
..................................................................


WIND (MPH)
  HIGHEST WIND SPEED    13   HIGHEST WIND DIRECTION     W (290)
  HIGHEST GUST SPEED    15   HIGHEST GUST DIRECTION    SW (220)
  AVERAGE WIND SPEED     5.9


SKY COVER
  POSSIBLE SUNSHINE  MM
  AVERAGE SKY COVER 1.0


WEATHER CONDITIONS
 THE FOLLOWING WEATHER WAS RECORDED YESTERDAY.
  NO SIGNIFICANT WEATHER WAS OBSERVED.


RELATIVE HUMIDITY (PERCENT)
 HIGHEST    84           200 AM
 LOWEST     63           300 PM
 AVERAGE    74

..........................................................


THE LONG BEACH AIRPORT CA CLIMATE NORMALS FOR TODAY
                         NORMAL    RECORD    YEAR
 MAXIMUM TEMPERATURE (F)   74        93      2017
 MINIMUM TEMPERATURE (F)   58        49      1974


SUNRISE AND SUNSET
MAY 20 2018...........SUNRISE   548 AM PDT   SUNSET   750 PM PDT
MAY 21 2018...........SUNRISE   548 AM PDT   SUNSET   751 PM PDT


-  INDICATES NEGATIVE NUMBERS.
R  INDICATES RECORD WAS SET OR TIED.
MM INDICATES DATA IS MISSING.
T  INDICATES TRACE AMOUNT.




$$
