000
CDUS45 KPIH 242327
CLILLJ


CLIMATE REPORT
NATIONAL WEATHER SERVICE POCATELLO ID
522 PM MDT THU MAY 24 2018


...................................

...THE CHALLIS ID CLIMATE SUMMARY FOR MAY 24 2018...
VALID TODAY AS OF 0500 PM LOCAL TIME.

CLIMATE NORMAL PERIOD 1981 TO 2010
CLIMATE RECORD PERIOD 1898 TO 2018


WEATHER ITEM   OBSERVED TIME   RECORD YEAR NORMAL DEPARTURE LAST
                VALUE   (LST)  VALUE       VALUE  FROM      YEAR
                                                  NORMAL
..................................................................
TEMPERATURE (F)
 TODAY
  MAXIMUM         75    347 PM  87    2001  69      6       70
                                      1969
  MINIMUM         52    235 AM  28    1944  40     12       46
  AVERAGE         64                        54     10       58

PRECIPITATION (IN)
  TODAY            0.05          1.00 1962   0.06  -0.01     0.00
  MONTH TO DATE    0.74                      1.08  -0.34     1.14
  SINCE OCT 1      3.66                      5.67  -2.01     7.80
  SINCE JAN 1      2.52                      3.74  -1.22     4.39

SNOWFALL (IN)
  TODAY           MM
  MONTH TO DATE   MM
  SINCE MAR 1     MM
  SINCE JUL 1     MM
  SNOW DEPTH      MM

DEGREE DAYS
 HEATING
  TODAY            1                        11    -10        7
  MONTH TO DATE  176                       336   -160      299
  SINCE MAR 1   1637                      1878   -241     1731
  SINCE JUL 1   6911                      7927  -1016     8176

 COOLING
  TODAY            0                         0      0        0
  MONTH TO DATE    0                         0      0        0
  SINCE MAR 1      0                         0      0        0
  SINCE JAN 1      0                         0      0        0
..................................................................


WIND (MPH)
  HIGHEST WIND SPEED    12   HIGHEST WIND DIRECTION     S (170)
  HIGHEST GUST SPEED    15   HIGHEST GUST DIRECTION     S (160)
  AVERAGE WIND SPEED     3.3


SKY COVER
  POSSIBLE SUNSHINE  MM
  AVERAGE SKY COVER 0.7


WEATHER CONDITIONS
 THE FOLLOWING WEATHER WAS RECORDED TODAY.
  LIGHT RAIN
  FOG


RELATIVE HUMIDITY (PERCENT)
 HIGHEST    93           400 AM
 LOWEST     38           400 PM
 AVERAGE    66

..........................................................


THE CHALLIS ID CLIMATE NORMALS FOR TOMORROW
                         NORMAL    RECORD    YEAR
 MAXIMUM TEMPERATURE (F)   69        89      1993
                                             1966
 MINIMUM TEMPERATURE (F)   41        26      1953


SUNRISE AND SUNSET
MAY 24 2018...........SUNRISE   601 AM MDT   SUNSET   907 PM MDT
MAY 25 2018...........SUNRISE   600 AM MDT   SUNSET   908 PM MDT


-  INDICATES NEGATIVE NUMBERS.
R  INDICATES RECORD WAS SET OR TIED.
MM INDICATES DATA IS MISSING.
T  INDICATES TRACE AMOUNT.




$$
