000
CDUS43 KOAX 230623
CLILNK


CLIMATE REPORT
NATIONAL WEATHER SERVICE OMAHA NEBRASKA
122 AM CDT MON APR 23 2018


...................................

...THE LINCOLN, NEBRASKA CLIMATE SUMMARY FOR APRIL 22 2018...

CLIMATE NORMAL PERIOD 1981 TO 2010
CLIMATE RECORD PERIOD 1887 TO 2018


WEATHER ITEM   OBSERVED TIME   RECORD YEAR NORMAL DEPARTURE LAST
                VALUE   (LST)  VALUE       VALUE  FROM      YEAR
                                                  NORMAL
..................................................................
TEMPERATURE (F)
 YESTERDAY
  MAXIMUM         68    532 PM  94    1989  67      1       67
  MINIMUM         34    603 AM  25    1992  41     -7       39
  AVERAGE         51                        54     -3       53

PRECIPITATION (IN)
  YESTERDAY        0.00          1.40 2001   0.11  -0.11     0.00
  MONTH TO DATE    0.11                      1.81  -1.70     1.62
  SINCE MAR 1      2.82                      3.74  -0.92     3.24
  SINCE JAN 1      3.97                      5.15  -1.18     4.89

SNOWFALL (IN)
  YESTERDAY        0.0                       0.0    0.0      0.0
  MONTH TO DATE    3.0                       1.2    1.8      0.0
  SINCE JUL 1     21.4                      25.7   -4.3      7.5
  SNOW DEPTH       0

DEGREE DAYS
 HEATING
  YESTERDAY       14                        12      2       12
  MONTH TO DATE  546                       335    211      210
  SINCE MAR 1   1282                      1108    174      864
  SINCE JUL 1   5881                      5811     70     4747

 COOLING
  YESTERDAY        0                         1     -1        0
  MONTH TO DATE    0                         5     -5       12
  SINCE MAR 1      0                         6     -6       13
  SINCE JAN 1      0                         6     -6       13
..................................................................


WIND (MPH)
  HIGHEST WIND SPEED    16   HIGHEST WIND DIRECTION     E (80)
  HIGHEST GUST SPEED    26   HIGHEST GUST DIRECTION    NE (40)
  AVERAGE WIND SPEED     8.3


SKY COVER
  POSSIBLE SUNSHINE  MM
  AVERAGE SKY COVER 0.8


WEATHER CONDITIONS
 THE FOLLOWING WEATHER WAS RECORDED YESTERDAY.
  NO SIGNIFICANT WEATHER WAS OBSERVED.


RELATIVE HUMIDITY (PERCENT)
 HIGHEST    76           500 AM
 LOWEST     28           300 PM
 AVERAGE    52

..........................................................


THE LINCOLN, NEBRASKA CLIMATE NORMALS FOR TODAY
                         NORMAL    RECORD    YEAR
 MAXIMUM TEMPERATURE (F)   67        89      2009
                                             1921
 MINIMUM TEMPERATURE (F)   42        26      1996


SUNRISE AND SUNSET
APRIL 23 2018.........SUNRISE   636 AM CDT   SUNSET   815 PM CDT
APRIL 24 2018.........SUNRISE   635 AM CDT   SUNSET   816 PM CDT


-  INDICATES NEGATIVE NUMBERS.
R  INDICATES RECORD WAS SET OR TIED.
MM INDICATES DATA IS MISSING.
T  INDICATES TRACE AMOUNT.




$$
