000
CDUS44 KCRP 220824
CLILRD

CLIMATE REPORT
NATIONAL WEATHER SERVICE CORPUS CHRISTI TX
323 AM CDT SUN APR 22 2018


...................................

...THE LAREDO CLIMATE SUMMARY FOR APRIL 21 2018...

CLIMATE NORMAL PERIOD 1981 TO 2010
CLIMATE RECORD PERIOD 1900 TO 2018


WEATHER ITEM   OBSERVED TIME   RECORD YEAR NORMAL DEPARTURE LAST
                VALUE   (LST)  VALUE       VALUE  FROM      YEAR
                                                  NORMAL
..................................................................
TEMPERATURE (F)
 YESTERDAY
  MAXIMUM         85        MM 102    2011  89     -4       93
                                      1997
  MINIMUM         68        MM  42    1907  66      2       71
  AVERAGE         77                        77      0       82

PRECIPITATION (IN)
  YESTERDAY        0.00          1.97 1981   0.06  -0.06     0.00
  MONTH TO DATE    0.16                      0.88  -0.72     1.48
  SINCE MAR 1      1.81                      2.00  -0.19     3.82
  SINCE JAN 1      2.10                      3.84  -1.74     4.79

SNOWFALL (IN)
  YESTERDAY        0.0
  MONTH TO DATE    0.0
  SINCE MAR 1      0.0
  SINCE JUL 1      1.3

DEGREE DAYS
 HEATING
  YESTERDAY        0                         0      0        0
  MONTH TO DATE    2                        12    -10        0
  SINCE MAR 1      9                        81    -72       16
  SINCE JUL 1    845                       925    -80      396

 COOLING
  YESTERDAY       12                        12      0       17
  MONTH TO DATE  217                       221     -4      264
  SINCE MAR 1    494                       394    100      540
  SINCE JAN 1    628                       479    149      846
..................................................................


WIND (MPH)
  HIGHEST WIND SPEED    16   HIGHEST WIND DIRECTION    SE (140)
  HIGHEST GUST SPEED    24   HIGHEST GUST DIRECTION    SE (130)
  AVERAGE WIND SPEED     8.0


SKY COVER
  POSSIBLE SUNSHINE  MM
  AVERAGE SKY COVER 0.6


WEATHER CONDITIONS
 THE FOLLOWING WEATHER WAS RECORDED YESTERDAY.
  THUNDERSTORM


RELATIVE HUMIDITY (PERCENT)
 HIGHEST    84           700 AM
 LOWEST     51           400 PM

..........................................................


THE LAREDO CLIMATE NORMALS FOR TODAY
                         NORMAL    RECORD    YEAR
 MAXIMUM TEMPERATURE (F)   89       107      1999
 MINIMUM TEMPERATURE (F)   66        47      1907


SUNRISE AND SUNSET
APRIL 22 2018.........SUNRISE   706 AM CDT   SUNSET   807 PM CDT
APRIL 23 2018.........SUNRISE   706 AM CDT   SUNSET   807 PM CDT


-  INDICATES NEGATIVE NUMBERS.
R  INDICATES RECORD WAS SET OR TIED.
MM INDICATES DATA IS MISSING.
T  INDICATES TRACE AMOUNT.




$$
