489
CDUS41 KRNK 210757
CLILYH


CLIMATE REPORT
NATIONAL WEATHER SERVICE BLACKSBURG VA
355 AM EDT MON MAY 21 2018


...................................

...THE LYNCHBURG VA CLIMATE SUMMARY FOR MAY 20 2018...

CLIMATE NORMAL PERIOD 1981 TO 2010
CLIMATE RECORD PERIOD 1893 TO 2018


WEATHER ITEM   OBSERVED TIME   RECORD YEAR NORMAL DEPARTURE LAST
                VALUE   (LST)  VALUE       VALUE  FROM      YEAR
                                                  NORMAL
..................................................................
TEMPERATURE (F)
 YESTERDAY
  MAXIMUM         85    429 PM  96    1941  76      9       86
                                      1934
  MINIMUM         66    352 AM  36    2002  52     14       64
  AVERAGE         76                        64     12       75

PRECIPITATION (IN)
  YESTERDAY        T             1.48 1896   0.11  -0.11     1.13
  MONTH TO DATE    4.84                      2.30   2.54     4.76
  SINCE MAR 1     12.71                      9.19   3.52    11.60
  SINCE JAN 1     21.37                     15.26   6.11    15.98

SNOWFALL (IN)
  YESTERDAY        0.0                                       0.0
  MONTH TO DATE    0.0                                       0.0
  SINCE MAR 1      8.2                                        T
  SINCE JUL 1     13.9                                       5.9
  SNOW DEPTH       0

DEGREE DAYS
 HEATING
  YESTERDAY        0                         3     -3        0
  MONTH TO DATE   10                        95    -85       82
  SINCE MAR 1   1091                       994     97      781
  SINCE JUL 1   4319                      4418    -99     3490

 COOLING
  YESTERDAY       11                         2      9       10
  MONTH TO DATE   96                        29     67       47
  SINCE MAR 1    107                        47     60       99
  SINCE JAN 1    107                        47     60      100
..................................................................


WIND (MPH)
  HIGHEST WIND SPEED    12   HIGHEST WIND DIRECTION     S (200)
  HIGHEST GUST SPEED    16   HIGHEST GUST DIRECTION     S (200)
  AVERAGE WIND SPEED     5.2


SKY COVER
  AVERAGE SKY COVER 0.3


WEATHER CONDITIONS
 THE FOLLOWING WEATHER WAS RECORDED YESTERDAY.
  LIGHT RAIN
  FOG


RELATIVE HUMIDITY (PERCENT)
 HIGHEST   100           200 AM
 LOWEST     55          1200 PM
 AVERAGE    78

..........................................................


THE LYNCHBURG VA CLIMATE NORMALS FOR TODAY
                         NORMAL    RECORD    YEAR
 MAXIMUM TEMPERATURE (F)   76        96      1941
 MINIMUM TEMPERATURE (F)   52        39      2002


SUNRISE AND SUNSET
MAY 21 2018...........SUNRISE   603 AM EDT   SUNSET   824 PM EDT
MAY 22 2018...........SUNRISE   603 AM EDT   SUNSET   825 PM EDT


-  INDICATES NEGATIVE NUMBERS.
R  INDICATES RECORD WAS SET OR TIED.
MM INDICATES DATA IS MISSING.
T  INDICATES TRACE AMOUNT.




$$
