000
CDUS44 KLZK 190637
CLILZK


CLIMATE REPORT
NATIONAL WEATHER SERVICE LITTLE ROCK AR
137 AM CDT THU APR 19 2018


...................................

...THE NORTH LITTLE ROCK CLIMATE SUMMARY FOR APRIL 18 2018...

CLIMATE NORMAL PERIOD 1981 TO 2010
CLIMATE RECORD PERIOD 1975 TO 2018


WEATHER ITEM   OBSERVED TIME   RECORD YEAR NORMAL DEPARTURE LAST
                VALUE   (LST)  VALUE       VALUE  FROM      YEAR
                                                  NORMAL
..................................................................
TEMPERATURE (F)
 YESTERDAY
  MAXIMUM         79    330 PM  93    2006  74      5       78
  MINIMUM         54   1159 PM  36    1983  54      0       63
  AVERAGE         67                        64      3       71

PRECIPITATION (IN)
  YESTERDAY        0.00          1.22 1977   0.17  -0.17      T
  MONTH TO DATE    4.21                      2.76   1.45     2.62
  SINCE MAR 1      7.37                      7.53  -0.16     6.09
  SINCE JAN 1     23.24                     14.61   8.63    11.37

SNOWFALL (IN)
  YESTERDAY        0.0          MM      MM   0.0    0.0      0.0
  MONTH TO DATE    T                         0.0    0.0      0.0
  SINCE MAR 1      T                         0.4   -0.4       T
  SINCE JUL 1      1.5                       4.4   -2.9      0.8
  SNOW DEPTH       0

DEGREE DAYS
 HEATING
  YESTERDAY        0                         4     -4        0
  MONTH TO DATE  227                       103    124       35
  SINCE MAR 1    525                       463     62      306
  SINCE JUL 1   2972                      2949     23     2139

 COOLING
  YESTERDAY        2                         2      0        6
  MONTH TO DATE    6                        31    -25       52
  SINCE MAR 1     18                        48    -30       79
  SINCE JAN 1     21                        50    -29       96
..................................................................


WIND (MPH)
  HIGHEST WIND SPEED    16   HIGHEST WIND DIRECTION    SW (220)
  HIGHEST GUST SPEED    23   HIGHEST GUST DIRECTION     N (360)
  AVERAGE WIND SPEED     9.6


SKY COVER
  POSSIBLE SUNSHINE  MM
  AVERAGE SKY COVER  MM


WEATHER CONDITIONS
 THE FOLLOWING WEATHER WAS RECORDED YESTERDAY.
  NO SIGNIFICANT WEATHER WAS OBSERVED.


RELATIVE HUMIDITY (PERCENT)
 HIGHEST    MM
 LOWEST     MM
 AVERAGE    MM

..........................................................


THE NORTH LITTLE ROCK CLIMATE NORMALS FOR TODAY
                         NORMAL    RECORD    YEAR
 MAXIMUM TEMPERATURE (F)   74        90      2011
                                             1987
 MINIMUM TEMPERATURE (F)   54        32      1983


SUNRISE AND SUNSET
APRIL 19 2018.........SUNRISE   632 AM CDT   SUNSET   745 PM CDT
APRIL 20 2018.........SUNRISE   631 AM CDT   SUNSET   745 PM CDT


-  INDICATES NEGATIVE NUMBERS.
R  INDICATES RECORD WAS SET OR TIED.
MM INDICATES DATA IS MISSING.
T  INDICATES TRACE AMOUNT.




$$
