468
CDUS42 KTAE 210634
CLIMAI


CLIMATE REPORT
NATIONAL WEATHER SERVICE TALLAHASSEE FL
234 AM EDT SAT APR 21 2018


...................................

...THE MARIANNA CLIMATE SUMMARY FOR APRIL 20 2018...

CLIMATE NORMAL PERIOD 1981 TO 2010
CLIMATE RECORD PERIOD 1950 TO 2018


WEATHER ITEM   OBSERVED NORMAL DEPARTURE LAST
                VALUE   VALUE  FROM      YEAR
                               NORMAL
...............................................
TEMPERATURE (F)
 YESTERDAY
  MAXIMUM         76     81     -5       89
  MINIMUM         49     55     -6       62
  AVERAGE         63     68     -5       76

PRECIPITATION (IN)
  YESTERDAY        0.00   0.11  -0.11     0.00
  MONTH TO DATE    0.49   2.96  -2.47     1.94
  SINCE MAR 1      4.57   8.50  -3.93     4.02
  SINCE JAN 1     18.71  18.48   0.23    14.42

DEGREE DAYS
 HEATING
  YESTERDAY        2             1
  MONTH TO DATE   42           -12
  SINCE MAR 1    226            -8
  SINCE JUL 1   1365          -274

 COOLING
  YESTERDAY        0            -4
  MONTH TO DATE   39           -21
  SINCE MAR 1     85            -7
  SINCE JAN 1    193            86
...............................................


WIND (MPH)
  HIGHEST WIND SPEED    15   HIGHEST WIND DIRECTION    NE (40)
  HIGHEST GUST SPEED    21   HIGHEST GUST DIRECTION    NE (60)
  AVERAGE WIND SPEED     8.3




RELATIVE HUMIDITY (PERCENT)
 HIGHEST    66
 LOWEST     36
 AVERAGE    51

..........................................................




SUNRISE AND SUNSET
APRIL 21 2018.........SUNRISE   607 AM CDT   SUNSET   713 PM CDT
APRIL 22 2018.........SUNRISE   605 AM CDT   SUNSET   713 PM CDT


-  INDICATES NEGATIVE NUMBERS.
R  INDICATES RECORD WAS SET OR TIED.
MM INDICATES DATA IS MISSING.
T  INDICATES TRACE AMOUNT.




$$
