000
CDUS43 KABR 191509
CLIMBG


CLIMATE REPORT
NATIONAL WEATHER SERVICE ABERDEEN SD
1007 AM CDT THU APR 19 2018


...................................

...THE MOBRIDGE SD CLIMATE SUMMARY FOR APRIL 18 2018...

CLIMATE NORMAL PERIOD 1981 TO 2010
CLIMATE RECORD PERIOD 1911 TO 2018


WEATHER ITEM   OBSERVED TIME   RECORD YEAR NORMAL DEPARTURE LAST
                VALUE   (LST)  VALUE       VALUE  FROM      YEAR
                                                  NORMAL
..................................................................
TEMPERATURE (F)
 YESTERDAY
  MAXIMUM         53    545 PM  93    1915  60     -7       58
  MINIMUM         28   1110 PM  13    1953  33     -5       41
  AVERAGE         41                        46     -5       50

PRECIPITATION (IN)
  YESTERDAY        0.13          1.83 1957   0.05   0.08     0.05
  MONTH TO DATE    0.94                      0.70   0.24     0.08
  SINCE MAR 1      1.88                      1.60   0.28     0.70
  SINCE JAN 1      2.89                      2.33   0.56     1.46

SNOWFALL (IN)
  YESTERDAY        T
  MONTH TO DATE    8.8
  SINCE OCT 1     48.4
  SINCE JUL 1     48.4
  SNOW DEPTH       T

DEGREE DAYS
 HEATING
  YESTERDAY       24                        19      5       15
  MONTH TO DATE  646                       401    245      290
  SINCE MAR 1   1749                      1428    321     1225
  SINCE JUL 1   7619                      7403    216     6662

 COOLING
  YESTERDAY        0                         0      0        0
  MONTH TO DATE    0                         0      0        0
  SINCE MAR 1      0                         0      0        0
  SINCE JAN 1      0                         0      0        0
..................................................................


WIND (MPH)
  HIGHEST WIND SPEED    17   HIGHEST WIND DIRECTION     N (10)
  HIGHEST GUST SPEED    21   HIGHEST GUST DIRECTION     N (10)
  AVERAGE WIND SPEED     9.8


SKY COVER
  POSSIBLE SUNSHINE  MM
  AVERAGE SKY COVER 0.6


WEATHER CONDITIONS
 THE FOLLOWING WEATHER WAS RECORDED YESTERDAY.
  LIGHT SNOW
  FOG


RELATIVE HUMIDITY (PERCENT)
 HIGHEST    96           500 AM
 LOWEST     38           600 PM
 AVERAGE    67

..........................................................


THE MOBRIDGE SD CLIMATE NORMALS FOR TODAY
                         NORMAL    RECORD    YEAR
 MAXIMUM TEMPERATURE (F)   60        89      1961
 MINIMUM TEMPERATURE (F)   34        14      1928


SUNRISE AND SUNSET
APRIL 19 2018.........SUNRISE   649 AM CDT   SUNSET   833 PM CDT
APRIL 20 2018.........SUNRISE   647 AM CDT   SUNSET   835 PM CDT


-  INDICATES NEGATIVE NUMBERS.
R  INDICATES RECORD WAS SET OR TIED.
MM INDICATES DATA IS MISSING.
T  INDICATES TRACE AMOUNT.




$$
