000
CDUS42 KMLB 270626
CLIMCO


CLIMATE REPORT
NATIONAL WEATHER SERVICE MELBOURNE FL
226 AM EDT FRI APR 27 2018


...................................

...THE ORLANDO INTL CLIMATE SUMMARY FOR APRIL 26 2018...

CLIMATE NORMAL PERIOD 1981 TO 2010
CLIMATE RECORD PERIOD 1892 TO 2018


WEATHER ITEM   OBSERVED TIME   RECORD YEAR NORMAL DEPARTURE LAST
                VALUE   (LST)  VALUE       VALUE  FROM      YEAR
                                                  NORMAL
..................................................................
TEMPERATURE (F)
 YESTERDAY
  MAXIMUM         84    353 PM  98    1908  84      0       86
  MINIMUM         58    612 AM  47    1910  62     -4       53
  AVERAGE         71                        73     -2       70

PRECIPITATION (IN)
  YESTERDAY        0.00          1.37 1952   0.07  -0.07     0.00
  MONTH TO DATE    2.14                      2.39  -0.25      T
  SINCE MAR 1      2.97                      6.16  -3.19     0.10
  SINCE JAN 1      5.43                     10.89  -5.46     3.03

SNOWFALL (IN)
  YESTERDAY        0.0
  MONTH TO DATE    0.0
  SINCE JUL 1      0.0

DEGREE DAYS
 HEATING
  YESTERDAY        0                         0      0        0
  MONTH TO DATE    0                        11    -11        3
  SINCE MAR 1     83                        70     13       40
  SINCE JUL 1    467                       569   -102      209

 COOLING
  YESTERDAY        6                         8     -2        5
  MONTH TO DATE  213                       165     48      228
  SINCE MAR 1    306                       283     23      391
  SINCE JAN 1    553                       387    166      592
..................................................................


WIND (MPH)
  HIGHEST WIND SPEED    18   HIGHEST WIND DIRECTION     W (270)
  HIGHEST GUST SPEED    22   HIGHEST GUST DIRECTION     W (270)
  AVERAGE WIND SPEED     7.0


SKY COVER
  AVERAGE SKY COVER 0.4


WEATHER CONDITIONS
 THE FOLLOWING WEATHER WAS RECORDED YESTERDAY.
  NO SIGNIFICANT WEATHER WAS OBSERVED.


RELATIVE HUMIDITY (PERCENT)
 HIGHEST   100           300 AM
 LOWEST     40           400 PM
 AVERAGE    70

..........................................................


THE ORLANDO INTL CLIMATE NORMALS FOR TODAY
                         NORMAL    RECORD    YEAR
 MAXIMUM TEMPERATURE (F)   85        97      1908
 MINIMUM TEMPERATURE (F)   62        46      1926
                                             1910


SUNRISE AND SUNSET
APRIL 27 2018.........SUNRISE   648 AM EDT   SUNSET   758 PM EDT
APRIL 28 2018.........SUNRISE   647 AM EDT   SUNSET   759 PM EDT


-  INDICATES NEGATIVE NUMBERS.
R  INDICATES RECORD WAS SET OR TIED.
MM INDICATES DATA IS MISSING.
T  INDICATES TRACE AMOUNT.




$$
